{"id":4879,"date":"2024-02-01T16:50:25","date_gmt":"2024-02-01T15:50:25","guid":{"rendered":"https:\/\/www.celiajay.com\/?page_id=4879"},"modified":"2025-08-29T07:50:33","modified_gmt":"2025-08-29T05:50:33","slug":"abhyanga-massage-ayurvedique","status":"publish","type":"page","link":"https:\/\/www.celiajay.com\/index.php\/abhyanga-massage-ayurvedique\/","title":{"rendered":"Massage Ayurv\u00e9dique Abhyanga"},"content":{"rendered":"\t\t<div data-elementor-type=\"wp-page\" data-elementor-id=\"4879\" class=\"elementor elementor-4879\" data-elementor-settings=\"[]\">\n\t\t\t\t\t\t\t<div class=\"elementor-section-wrap\">\n\t\t\t\t\t\t\t<section class=\"elementor-section elementor-top-section elementor-element elementor-element-583d239 elementor-section-boxed elementor-section-height-default elementor-section-height-default default-style\" data-id=\"583d239\" data-element_type=\"section\" data-settings=\"{&quot;rt_color_sets&quot;:&quot;default-style&quot;}\">\n\t\t\t\t\t\t<div class=\"elementor-container elementor-column-gap-default\">\n\t\t\t\t\t<div class=\"elementor-column elementor-col-100 elementor-top-column elementor-element elementor-element-f0b8de4\" data-id=\"f0b8de4\" data-element_type=\"column\">\n\t\t\t<div class=\"elementor-widget-wrap elementor-element-populated\">\n\t\t\t\t\t\t\t\t<div class=\"elementor-element elementor-element-c58188d elementor-widget elementor-widget-spacer\" data-id=\"c58188d\" data-element_type=\"widget\" data-widget_type=\"spacer.default\">\n\t\t\t\t<div class=\"elementor-widget-container\">\n\t\t\t\t\t<div class=\"elementor-spacer\">\n\t\t\t<div class=\"elementor-spacer-inner\"><\/div>\n\t\t<\/div>\n\t\t\t\t<\/div>\n\t\t\t\t<\/div>\n\t\t\t\t\t<\/div>\n\t\t<\/div>\n\t\t\t\t\t\t\t<\/div>\n\t\t<\/section>\n\t\t\t\t<section class=\"elementor-section elementor-top-section elementor-element elementor-element-b5e8eae elementor-section-boxed elementor-section-height-default elementor-section-height-default default-style\" data-id=\"b5e8eae\" data-element_type=\"section\" data-settings=\"{&quot;rt_color_sets&quot;:&quot;default-style&quot;}\">\n\t\t\t\t\t\t<div class=\"elementor-container elementor-column-gap-default\">\n\t\t\t\t\t<div class=\"elementor-column elementor-col-33 elementor-top-column elementor-element elementor-element-9243704\" data-id=\"9243704\" data-element_type=\"column\">\n\t\t\t<div class=\"elementor-widget-wrap elementor-element-populated\">\n\t\t\t\t\t\t\t\t<div class=\"elementor-element elementor-element-cbcde5d elementor-widget elementor-widget-rt-heading\" data-id=\"cbcde5d\" data-element_type=\"widget\" data-widget_type=\"rt-heading.default\">\n\t\t\t\t<div class=\"elementor-widget-container\">\n\t\t\t<div class=\"rt-heading-wrapper style-3 text-tablet-left text-mobile-left\">\n\t\t\t\t\t\t<H4 class=\"   rt-heading style-3\" >Abhyanga massage ayurv\u00e9dique<\/H4>\n\t\t\t\t\t<\/div>\t\t<\/div>\n\t\t\t\t<\/div>\n\t\t\t\t<div class=\"elementor-element elementor-element-3cb8dcc elementor-widget elementor-widget-text-editor\" data-id=\"3cb8dcc\" data-element_type=\"widget\" data-widget_type=\"text-editor.default\">\n\t\t\t\t<div class=\"elementor-widget-container\">\n\t\t\t\t\t<div class=\"elementor-text-editor elementor-clearfix\"><p>\u00a0<\/p><p>L&rsquo;<strong>abhyanga<\/strong> est un <strong>massage<\/strong> issu de la <strong>m\u00e9decine traditionnelle ayurv\u00e9dique<\/strong> (indienne). C&rsquo;est un des piliers fondamentaux de l&rsquo;ayurv\u00e9da.<\/p><p>Il consiste en un <strong>massage du<\/strong> <strong>corps complet \u00e0 l&rsquo;huile chaude<\/strong> avec des mouvements fluides, rythm\u00e9s et r\u00e9p\u00e9titifs en insistant sur des points de pression que l&rsquo;on nomme \u00ab\u00a0<strong>marmas<\/strong>\u00a0\u00bb et des zones sp\u00e9cifiques du corps appel\u00e9es \u00ab\u00a0<strong>nadis<\/strong>\u00ab\u00a0.<\/p><p>Les diff\u00e9rentes man\u0153uvres de l&rsquo;Abhyanga se pratiquent sur l&rsquo;ensemble du corps et agissent sur les 7<strong> centres \u00e9nerg\u00e9tiques<\/strong> en mouvements, les <strong>chakras<\/strong>, pour <strong>retrouver bien-\u00eatre physique et \u00e9motionnel<\/strong>.<\/p><p>Ce massage permet de <strong>r\u00e9\u00e9quilibrer les 3 \u00ab\u00a0doshas\u00a0\u00bb<\/strong>, constitutions ayurv\u00e9diques\u00a0<strong>Vata, <\/strong><strong>Pitta<\/strong> et <strong>Kapha et am\u00e9liore la clart\u00e9 mentale<\/strong><\/p><p><strong>Les bienfaits physiques du massage ayurv\u00e9dique Abhyanga :<\/strong><\/p><ul><li><strong>d\u00e9tente des muscles<\/strong>, des nerfs, et <strong>assouplissement des <\/strong><b>articulations<\/b><\/li><li><strong>\u00a0<\/strong>maintien de l&rsquo;<strong>\u00e9quilibre<\/strong> <strong>syst\u00e8me digestif<\/strong> et la circulation des gaz<\/li><li><strong>meilleur sommeil profond<\/strong><\/li><li>\u00e9loignement de la fatigue et\u00a0<b>accroissement l&rsquo;\u00e9nergie vitale <\/b>et<strong> renforcement de la vitalit\u00e9<\/strong><\/li><li><strong>stimulation de la circulation sanguine <\/strong>et <strong>renforcement du syst\u00e8me immunitaire<\/strong><\/li><li><strong>\u00e9limination les toxines<\/strong> de mani\u00e8re g\u00e9n\u00e9rale<\/li><li><strong>meilleure r\u00e9sistance \u00e0 la dysharmonie<\/strong> et \u00e0 la maladie<\/li><li><strong>r\u00e9duction du stress<\/strong><\/li><li>renforcement et am\u00e9lioration la <strong>qualit\u00e9 de la peau<\/strong><\/li><\/ul><p><strong>Les bienfaits psychologiques du massage ayurv\u00e9dique Abhyanga :<\/strong><\/p><ul><li>\u00e9motions plus positives, <strong>apaisement<\/strong> et <strong>relaxation<\/strong><\/li><li>am\u00e9lioration de l&rsquo;<strong>harmonie intellectuelle <\/strong>et de la<strong> concentration<\/strong><\/li><li>meilleure <strong>gestion du stress, de l&rsquo;anxi\u00e9t\u00e9 et des \u00e9motions<\/strong><\/li><\/ul><p><strong>Les bienfaits spirituels du massage ayurv\u00e9dique Abhyanga :<\/strong><\/p><ul><li>accroissement de l&rsquo;<strong>\u00e9nergie des chakras<\/strong><\/li><li>ouverture \u00e0 la <strong>m\u00e9ditation<\/strong><\/li><li><strong>harmonie<\/strong> retrouv\u00e9e avec la nature <strong>de notre \u00eatre profond<\/strong><\/li><\/ul><p>La s\u00e9ance dure 1h ou 1h30 au choix.<\/p><p>Il est habituellement recommand\u00e9 d\u2019espacer les s\u00e9ances de 3 \u00e0 4 semaines<\/p><p>\u00a0<\/p><\/div>\n\t\t\t\t<\/div>\n\t\t\t\t<\/div>\n\t\t\t\t<div class=\"elementor-element elementor-element-1d7879d elementor-widget elementor-widget-rt-photo-gallery\" data-id=\"1d7879d\" data-element_type=\"widget\" data-widget_type=\"rt-photo-gallery.default\">\n\t\t\t\t<div class=\"elementor-widget-container\">\n\t\t\t\n\t\t\t<div class=\"rt-gallery  grid-gallery\"  >\n\t\t\t\t\t<div class=\"col col-sm-12 col-12\">\n\t\t\t\t\t\t<div class=\"gallery-item-holder\">\n\t\t\t\t\t\t\t<div class=\"image-thumbnail\"><img loading=\"lazy\" src=\"https:\/\/www.celiajay.com\/wp-content\/uploads\/2024\/02\/AYURVEDA-300x300.jpg\" alt=\"\" srcset=\"https:\/\/www.celiajay.com\/wp-content\/uploads\/2024\/02\/AYURVEDA-300x300.jpg 300w, https:\/\/www.celiajay.com\/wp-content\/uploads\/2024\/02\/AYURVEDA-1024x1024.jpg 1024w, https:\/\/www.celiajay.com\/wp-content\/uploads\/2024\/02\/AYURVEDA-150x150.jpg 150w, https:\/\/www.celiajay.com\/wp-content\/uploads\/2024\/02\/AYURVEDA-768x768.jpg 768w, https:\/\/www.celiajay.com\/wp-content\/uploads\/2024\/02\/AYURVEDA-540x540.jpg 540w, https:\/\/www.celiajay.com\/wp-content\/uploads\/2024\/02\/AYURVEDA-915x915.jpg 915w, https:\/\/www.celiajay.com\/wp-content\/uploads\/2024\/02\/AYURVEDA-600x600.jpg 600w, https:\/\/www.celiajay.com\/wp-content\/uploads\/2024\/02\/AYURVEDA-393x393.jpg 393w, https:\/\/www.celiajay.com\/wp-content\/uploads\/2024\/02\/AYURVEDA-290x290.jpg 290w, https:\/\/www.celiajay.com\/wp-content\/uploads\/2024\/02\/AYURVEDA.jpg 1080w\" sizes=\"https:\/\/www.celiajay.com\/wp-content\/uploads\/2024\/02\/AYURVEDA-300x300.jpg 300w, https:\/\/www.celiajay.com\/wp-content\/uploads\/2024\/02\/AYURVEDA-1024x1024.jpg 1024w, https:\/\/www.celiajay.com\/wp-content\/uploads\/2024\/02\/AYURVEDA-150x150.jpg 150w, https:\/\/www.celiajay.com\/wp-content\/uploads\/2024\/02\/AYURVEDA-768x768.jpg 768w, https:\/\/www.celiajay.com\/wp-content\/uploads\/2024\/02\/AYURVEDA-540x540.jpg 540w, https:\/\/www.celiajay.com\/wp-content\/uploads\/2024\/02\/AYURVEDA-915x915.jpg 915w, https:\/\/www.celiajay.com\/wp-content\/uploads\/2024\/02\/AYURVEDA-600x600.jpg 600w, https:\/\/www.celiajay.com\/wp-content\/uploads\/2024\/02\/AYURVEDA-393x393.jpg 393w, https:\/\/www.celiajay.com\/wp-content\/uploads\/2024\/02\/AYURVEDA-290x290.jpg 290w, https:\/\/www.celiajay.com\/wp-content\/uploads\/2024\/02\/AYURVEDA.jpg 1080w\" width=\"300\" height=\"300\"><\/div>\n\t\t\t\t\t\t<\/div>\n\t\t\t\t\t<\/div><\/div> \n\t\t\t\t<\/div>\n\t\t\t\t<\/div>\n\t\t\t\t\t<\/div>\n\t\t<\/div>\n\t\t\t\t<div class=\"elementor-column elementor-col-33 elementor-top-column elementor-element elementor-element-02345a4\" data-id=\"02345a4\" data-element_type=\"column\">\n\t\t\t<div class=\"elementor-widget-wrap elementor-element-populated\">\n\t\t\t\t\t\t\t\t<div class=\"elementor-element elementor-element-6a453ee elementor-view-framed rt-custom-style elementor-shape-circle elementor-widget elementor-widget-icon\" data-id=\"6a453ee\" data-element_type=\"widget\" data-widget_type=\"icon.default\">\n\t\t\t\t<div class=\"elementor-widget-container\">\n\t\t\t\t\t<div class=\"elementor-icon-wrapper\">\n\t\t\t<a class=\"elementor-icon elementor-animation-grow\" href=\"\/index.php\/cabinet-mauvezin\/\">\n\t\t\t<i aria-hidden=\"true\" class=\"rt-elementor-icon icon-01_home\"><\/i>\t\t\t<\/a>\n\t\t<\/div>\n\t\t\t\t<\/div>\n\t\t\t\t<\/div>\n\t\t\t\t<div class=\"elementor-element elementor-element-899fe9c elementor-widget elementor-widget-rt-heading\" data-id=\"899fe9c\" data-element_type=\"widget\" data-widget_type=\"rt-heading.default\">\n\t\t\t\t<div class=\"elementor-widget-container\">\n\t\t\t<div class=\"rt-heading-wrapper style-3 text-center\">\n\t\t\t\t\t\t<H6 class=\"   rt-heading style-3\" >A Mauvezin (Gers)<\/H6>\n\t\t\t\t\t<\/div>\t\t<\/div>\n\t\t\t\t<\/div>\n\t\t\t\t<div class=\"elementor-element elementor-element-1a53c9f elementor-widget elementor-widget-text-editor\" data-id=\"1a53c9f\" data-element_type=\"widget\" data-widget_type=\"text-editor.default\">\n\t\t\t\t<div class=\"elementor-widget-container\">\n\t\t\t\t\t<div class=\"elementor-text-editor elementor-clearfix\"><p>3 rue de la r\u00e9publique 32120 Mauvezin<\/p><p>Lundi &#8211; Jeudi 14h &#8211; 20h<\/p><p>Samedi 9h &#8211; 12h30<\/p><p><strong>65\u20ac \/ 1h<\/strong><\/p><p><strong>80\u20ac \/ 1h30<\/strong><\/p><p><strong>300\u20ac \/ 5 s\u00e9ances 1h *<\/strong><\/p><p><strong>360\u20ac \/ 5 s\u00e9ances 1h30 *<\/strong><\/p><p>06.380.390.03<\/p><p>Paiement par ch\u00e8que, esp\u00e8ces ou virement instantan\u00e9<\/p><p>Facture sur demande<\/p><\/div>\n\t\t\t\t<\/div>\n\t\t\t\t<\/div>\n\t\t\t\t<div class=\"elementor-element elementor-element-c5c732a elementor-widget elementor-widget-html\" data-id=\"c5c732a\" data-element_type=\"widget\" data-widget_type=\"html.default\">\n\t\t\t\t<div class=\"elementor-widget-container\">\n\t\t\t<!-- D\u00e9but de bouton iTiaki -->\r\n<style>\r\n.btn-itiaki { padding:0.8em; color:#ffffff; background:#5a7969; border-radius:0.4em; } \r\n.btn-itiaki:hover { background:#3c5b4b; color:#ffffff; }\r\n<\/style>\r\n<a href=\"https:\/\/rdv.itiaki.com\/celiajay\" title=\"Prendre rendez-vous en ligne\" class=\"btn-itiaki\" target=\"_blank\">Prendre rendez-vous<\/a>\r\n<!-- Fin de bouton iTiaki -->\t\t<\/div>\n\t\t\t\t<\/div>\n\t\t\t\t\t<\/div>\n\t\t<\/div>\n\t\t\t\t<div class=\"elementor-column elementor-col-33 elementor-top-column elementor-element elementor-element-147cef9\" data-id=\"147cef9\" data-element_type=\"column\">\n\t\t\t<div class=\"elementor-widget-wrap elementor-element-populated\">\n\t\t\t\t\t\t\t\t<div class=\"elementor-element elementor-element-9efd309 elementor-view-framed rt-custom-style elementor-shape-circle elementor-widget elementor-widget-icon\" data-id=\"9efd309\" data-element_type=\"widget\" data-widget_type=\"icon.default\">\n\t\t\t\t<div class=\"elementor-widget-container\">\n\t\t\t\t\t<div class=\"elementor-icon-wrapper\">\n\t\t\t<a class=\"elementor-icon elementor-animation-grow\" href=\"\/index.php\/cabinet-blagnac\/\">\n\t\t\t<i aria-hidden=\"true\" class=\"rt-elementor-icon icon-01_home\"><\/i>\t\t\t<\/a>\n\t\t<\/div>\n\t\t\t\t<\/div>\n\t\t\t\t<\/div>\n\t\t\t\t<div class=\"elementor-element elementor-element-56be99b elementor-widget elementor-widget-rt-heading\" data-id=\"56be99b\" data-element_type=\"widget\" data-widget_type=\"rt-heading.default\">\n\t\t\t\t<div class=\"elementor-widget-container\">\n\t\t\t<div class=\"rt-heading-wrapper style-3 text-center\">\n\t\t\t\t\t\t<H6 class=\"   rt-heading style-3\" >A Blagnac<\/H6>\n\t\t\t\t\t<\/div>\t\t<\/div>\n\t\t\t\t<\/div>\n\t\t\t\t<div class=\"elementor-element elementor-element-d832dc2 elementor-widget elementor-widget-text-editor\" data-id=\"d832dc2\" data-element_type=\"widget\" data-widget_type=\"text-editor.default\">\n\t\t\t\t<div class=\"elementor-widget-container\">\n\t\t\t\t\t<div class=\"elementor-text-editor elementor-clearfix\"><p>15 route de grenade 31700 Blagnac<\/p><p>Mercredi &#8211; Vendredi<\/p><p>10h &#8211; 20h<\/p><p><strong>65\u20ac \/ 1h<\/strong><\/p><p><strong>80\u20ac \/ 1h30<\/strong><\/p><p><strong>300\u20ac \/ 5 s\u00e9ances 1h *<\/strong><\/p><p><strong>360\u20ac \/ 5 s\u00e9ances 1h30 *<\/strong><\/p><p>06.380.390.03<\/p><p>Paiement par ch\u00e8que, esp\u00e8ces ou virement instantan\u00e9<\/p><p>Facture sur demande<\/p><\/div>\n\t\t\t\t<\/div>\n\t\t\t\t<\/div>\n\t\t\t\t<div class=\"elementor-element elementor-element-58f2f1a elementor-widget elementor-widget-html\" data-id=\"58f2f1a\" data-element_type=\"widget\" data-widget_type=\"html.default\">\n\t\t\t\t<div class=\"elementor-widget-container\">\n\t\t\t<!-- D\u00e9but de bouton iTiaki -->\r\n<style>\r\n.btn-itiaki { padding:0.8em; color:#ffffff; background:#5a7969; border-radius:0.4em; } \r\n.btn-itiaki:hover { background:#3c5b4b; color:#ffffff; }\r\n<\/style>\r\n<a href=\"https:\/\/rdv.itiaki.com\/celiajay\" title=\"Prendre rendez-vous en ligne\" class=\"btn-itiaki\" target=\"_blank\">Prendre rendez-vous<\/a>\r\n<!-- Fin de bouton iTiaki -->\t\t<\/div>\n\t\t\t\t<\/div>\n\t\t\t\t\t<\/div>\n\t\t<\/div>\n\t\t\t\t\t\t\t<\/div>\n\t\t<\/section>\n\t\t\t\t<section class=\"elementor-section elementor-top-section elementor-element elementor-element-ed116ec elementor-section-boxed elementor-section-height-default elementor-section-height-default default-style\" data-id=\"ed116ec\" data-element_type=\"section\" data-settings=\"{&quot;rt_color_sets&quot;:&quot;default-style&quot;}\">\n\t\t\t\t\t\t<div class=\"elementor-container elementor-column-gap-default\">\n\t\t\t\t\t<div class=\"elementor-column elementor-col-100 elementor-top-column elementor-element elementor-element-0874b2e\" data-id=\"0874b2e\" data-element_type=\"column\">\n\t\t\t<div class=\"elementor-widget-wrap elementor-element-populated\">\n\t\t\t\t\t\t\t\t<div class=\"elementor-element elementor-element-b4417f5 elementor-widget elementor-widget-spacer\" data-id=\"b4417f5\" data-element_type=\"widget\" data-widget_type=\"spacer.default\">\n\t\t\t\t<div class=\"elementor-widget-container\">\n\t\t\t\t\t<div class=\"elementor-spacer\">\n\t\t\t<div class=\"elementor-spacer-inner\"><\/div>\n\t\t<\/div>\n\t\t\t\t<\/div>\n\t\t\t\t<\/div>\n\t\t\t\t\t<\/div>\n\t\t<\/div>\n\t\t\t\t\t\t\t<\/div>\n\t\t<\/section>\n\t\t\t\t<section class=\"elementor-section elementor-top-section elementor-element elementor-element-7f062da elementor-section-boxed elementor-section-height-default elementor-section-height-default default-style\" data-id=\"7f062da\" data-element_type=\"section\" data-settings=\"{&quot;rt_color_sets&quot;:&quot;default-style&quot;}\">\n\t\t\t\t\t\t<div class=\"elementor-container elementor-column-gap-default\">\n\t\t\t\t\t<div class=\"elementor-column elementor-col-100 elementor-top-column elementor-element elementor-element-1d72152\" data-id=\"1d72152\" data-element_type=\"column\">\n\t\t\t<div class=\"elementor-widget-wrap elementor-element-populated\">\n\t\t\t\t\t\t\t\t<div class=\"elementor-element elementor-element-94fcc1e elementor-widget elementor-widget-text-editor\" data-id=\"94fcc1e\" data-element_type=\"widget\" data-widget_type=\"text-editor.default\">\n\t\t\t\t<div class=\"elementor-widget-container\">\n\t\t\t\t\t<div class=\"elementor-text-editor elementor-clearfix\"><p>*Forfaits valables 6 mois.<\/p><p>Paiement en 1 ou 2 fois au 1er rendez-vous.<\/p><p>Un rendez-vous non d\u00e9command\u00e9 minimum 48h \u00e0 l&rsquo;avance donnera lieu au r\u00e8glement de la s\u00e9ance ou \u00e0 la d\u00e9duction du forfait.<\/p><\/div>\n\t\t\t\t<\/div>\n\t\t\t\t<\/div>\n\t\t\t\t\t<\/div>\n\t\t<\/div>\n\t\t\t\t\t\t\t<\/div>\n\t\t<\/section>\n\t\t\t\t\t\t<\/div>\n\t\t\t\t\t<\/div>\n\t\t","protected":false},"excerpt":{"rendered":"<p>Abhyanga massage ayurv\u00e9dique \u00a0 L&rsquo;abhyanga est un massage issu de la m\u00e9decine traditionnelle ayurv\u00e9dique (indienne). C&rsquo;est un des piliers fondamentaux de l&rsquo;ayurv\u00e9da. Il consiste en un massage du corps complet \u00e0 l&rsquo;huile chaude avec des mouvements fluides, rythm\u00e9s et r\u00e9p\u00e9titifs en insistant sur des points de pression que l&rsquo;on nomme \u00ab\u00a0marmas\u00a0\u00bb et des zones sp\u00e9cifiques [&hellip;]<\/p>\n","protected":false},"author":1,"featured_media":0,"parent":0,"menu_order":0,"comment_status":"closed","ping_status":"closed","template":"","meta":[],"_links":{"self":[{"href":"https:\/\/www.celiajay.com\/index.php\/wp-json\/wp\/v2\/pages\/4879"}],"collection":[{"href":"https:\/\/www.celiajay.com\/index.php\/wp-json\/wp\/v2\/pages"}],"about":[{"href":"https:\/\/www.celiajay.com\/index.php\/wp-json\/wp\/v2\/types\/page"}],"author":[{"embeddable":true,"href":"https:\/\/www.celiajay.com\/index.php\/wp-json\/wp\/v2\/users\/1"}],"replies":[{"embeddable":true,"href":"https:\/\/www.celiajay.com\/index.php\/wp-json\/wp\/v2\/comments?post=4879"}],"version-history":[{"count":48,"href":"https:\/\/www.celiajay.com\/index.php\/wp-json\/wp\/v2\/pages\/4879\/revisions"}],"predecessor-version":[{"id":5234,"href":"https:\/\/www.celiajay.com\/index.php\/wp-json\/wp\/v2\/pages\/4879\/revisions\/5234"}],"wp:attachment":[{"href":"https:\/\/www.celiajay.com\/index.php\/wp-json\/wp\/v2\/media?parent=4879"}],"curies":[{"name":"wp","href":"https:\/\/api.w.org\/{rel}","templated":true}]}}