{"id":4104,"date":"2022-11-23T10:42:24","date_gmt":"2022-11-23T09:42:24","guid":{"rendered":"https:\/\/www.celiajay.com\/?page_id=4104"},"modified":"2026-04-01T14:33:22","modified_gmt":"2026-04-01T12:33:22","slug":"palper-rouler-minceur","status":"publish","type":"page","link":"https:\/\/www.celiajay.com\/index.php\/palper-rouler-minceur\/","title":{"rendered":"Palper-rouler"},"content":{"rendered":"\t\t<div data-elementor-type=\"wp-page\" data-elementor-id=\"4104\" class=\"elementor elementor-4104\" data-elementor-settings=\"[]\">\n\t\t\t\t\t\t\t<div class=\"elementor-section-wrap\">\n\t\t\t\t\t\t\t<section class=\"elementor-section elementor-top-section elementor-element elementor-element-8a34b64 elementor-section-content-middle elementor-section-boxed elementor-section-height-default elementor-section-height-default default-style\" data-id=\"8a34b64\" data-element_type=\"section\" data-settings=\"{&quot;animation&quot;:&quot;none&quot;,&quot;rt_color_sets&quot;:&quot;default-style&quot;}\">\n\t\t\t\t\t\t<div class=\"elementor-container elementor-column-gap-default\">\n\t\t\t\t\t<div class=\"elementor-column elementor-col-100 elementor-top-column elementor-element elementor-element-74fad06 elementor-invisible\" data-id=\"74fad06\" data-element_type=\"column\" data-settings=\"{&quot;animation&quot;:&quot;fadeInLeft&quot;}\">\n\t\t\t<div class=\"elementor-widget-wrap elementor-element-populated\">\n\t\t\t\t\t\t\t\t<section class=\"elementor-section elementor-inner-section elementor-element elementor-element-047fc3f elementor-section-boxed elementor-section-height-default elementor-section-height-default default-style\" data-id=\"047fc3f\" data-element_type=\"section\" data-settings=\"{&quot;rt_color_sets&quot;:&quot;default-style&quot;}\">\n\t\t\t\t\t\t<div class=\"elementor-container elementor-column-gap-default\">\n\t\t\t\t\t<div class=\"elementor-column elementor-col-100 elementor-inner-column elementor-element elementor-element-5294664\" data-id=\"5294664\" data-element_type=\"column\">\n\t\t\t<div class=\"elementor-widget-wrap elementor-element-populated\">\n\t\t\t\t\t\t\t\t<div class=\"elementor-element elementor-element-c265212 elementor-widget elementor-widget-rt-heading\" data-id=\"c265212\" data-element_type=\"widget\" data-widget_type=\"rt-heading.default\">\n\t\t\t\t<div class=\"elementor-widget-container\">\n\t\t\t<div class=\"rt-heading-wrapper style-3 text-tablet-left text-mobile-left\">\n\t\t\t\t\t\t<H4 class=\"   rt-heading style-3\" >Massage Palper-Rouler Manuel<\/H4>\n\t\t\t\t\t<\/div>\t\t<\/div>\n\t\t\t\t<\/div>\n\t\t\t\t<div class=\"elementor-element elementor-element-870a402 elementor-widget elementor-widget-text-editor\" data-id=\"870a402\" data-element_type=\"widget\" data-widget_type=\"text-editor.default\">\n\t\t\t\t<div class=\"elementor-widget-container\">\n\t\t\t\t\t<div class=\"elementor-text-editor elementor-clearfix\"><p><strong>Qu\u2019est-ce que le palper-rouler manuel ?<\/strong><\/p><p>Le palper-rouler manuel est une <b>technique de massage enti\u00e8rement manuelle et non invasive.<\/b><br \/>Elle consiste \u00e0 <strong>drainer l\u2019accumulation de graisse sous la peau<\/strong> et \u00e0 relancer les \u00e9changes cellulaires afin de favoriser la circulation des graisses. <br \/>La cellulite, due \u00e0 une accumulation de tissu adipeux sous la surface cutan\u00e9e formant de petites bosses disgracieuses en sera fortement att\u00e9nu\u00e9e.<\/p><p>En pin\u00e7ant et faisant rouler la peau comprim\u00e9e, <strong>le palper-rouler redynamise ainsi la circulation sanguine<\/strong> et apporte \u00e0 nouveau les nutriments qui manquaient \u00e0 la zone engorg\u00e9e. C\u2019est pour cela qu\u2019une rougeur b\u00e9n\u00e9fique appara\u00eet l\u00e0 o\u00f9 la peau est pinc\u00e9e. <br \/><strong>En revascularisant ainsi la zone congestionn\u00e9e, on va agir sur son aspect visuel et la rendre plus souple.<\/strong><\/p><p>Le palper-rouler manuel est la technique de massage de r\u00e9f\u00e9rence pour <strong>mettre un terme au probl\u00e8me de cellulite<\/strong>. C\u2019est une m\u00e9thode naturelle, simple et qui ne pr\u00e9sente pas d\u2019effet secondaire.<\/p><p>Le palper-rouler manuel \u00e0 lui tout seul ne fait pas de miracle, <strong>il est important d\u2019avoir une bonne hygi\u00e8ne de vie, alimentaire et d\u2019avoir une activit\u00e9 sportive r\u00e9guli\u00e8re.<\/strong><\/p><p><strong>Effets du palper-rouler manuel :<\/strong><\/p><ul><li>Am\u00e9liore la circulation sanguine et lymphatique<\/li><li>R\u00e9duit les contractures et douleurs<\/li><li>Elimine la cellulite et les graisses<\/li><li>D\u00e9toxifie l\u2019organisme<\/li><li>Favorise l\u2019amincissement<\/li><li>Active le m\u00e9tabolisme<\/li><\/ul><p><strong>Indications du palper-rouler manuel :<\/strong><\/p><ul><li>Cellulite aqueuse, adipeuse ou fibreuse<\/li><li>Perte de poids (en association avec une bonne hygi\u00e8ne alimentaire et une d\u2019activit\u00e9 sportive)<\/li><li>R\u00e9cup\u00e9ration sportive<\/li><li>Probl\u00e8mes circulatoires<\/li><\/ul><p><strong>Contre-indications du palper-rouler manuel :<\/strong><\/p><ul><li>Femme enceinte<\/li><li>Fi\u00e8vre<\/li><li>Infections<\/li><li>Phl\u00e9bites et grosses varices<\/li><li>Hypertension art\u00e9rielle importante non stabilis\u00e9e<\/li><li>Art\u00e9rite aigu\u00eb<\/li><li>H\u00e9mophilie<\/li><\/ul><p><strong>A quelle fr\u00e9quence recevoir des s\u00e9ances de massages de palper-rouler manuel ?<\/strong><\/p><p><strong>La s\u00e9ance dure en moyenne 1h.<\/strong><\/p><p>Le rythme et le nombre des s\u00e9ances est fonction du type de cellulite et des objectifs souhait\u00e9s.<br \/>Il est habituellement recommand\u00e9 de pratiquer 1 \u00e0 2 s\u00e9ances par semaine pour un effet optimal.<\/p><\/div>\n\t\t\t\t<\/div>\n\t\t\t\t<\/div>\n\t\t\t\t<div class=\"elementor-element elementor-element-e7338f4 elementor-widget elementor-widget-rt-photo-gallery\" data-id=\"e7338f4\" data-element_type=\"widget\" data-widget_type=\"rt-photo-gallery.default\">\n\t\t\t\t<div class=\"elementor-widget-container\">\n\t\t\t\n\t\t\t<div class=\"rt-gallery  grid-gallery\"  ><div class=\"row\">\n\n\t\t\t\t\t<div class=\"col col-sm-3 col-12\">\n\t\t\t\t\t\t<div class=\"gallery-item-holder\">\n\t\t\t\t\t\t\t<div class=\"image-thumbnail\"><img loading=\"lazy\" src=\"https:\/\/www.celiajay.com\/wp-content\/uploads\/2022\/11\/Sans-titre-5-300x220.png\" alt=\"\" width=\"300\" height=\"220\"><\/div>\n\t\t\t\t\t\t<\/div>\n\t\t\t\t\t<\/div>\n\t\t\t\t\t<div class=\"col col-sm-3 col-12\">\n\t\t\t\t\t\t<div class=\"gallery-item-holder\">\n\t\t\t\t\t\t\t<div class=\"image-thumbnail\"><img loading=\"lazy\" src=\"https:\/\/www.celiajay.com\/wp-content\/uploads\/2022\/11\/1-300x220.png\" alt=\"\" width=\"300\" height=\"220\"><\/div>\n\t\t\t\t\t\t<\/div>\n\t\t\t\t\t<\/div>\n\t\t\t\t\t<div class=\"col col-sm-3 col-12\">\n\t\t\t\t\t\t<div class=\"gallery-item-holder\">\n\t\t\t\t\t\t\t<div class=\"image-thumbnail\"><img loading=\"lazy\" src=\"https:\/\/www.celiajay.com\/wp-content\/uploads\/2022\/11\/Sans-titre-6-1-300x220.png\" alt=\"\" width=\"300\" height=\"220\"><\/div>\n\t\t\t\t\t\t<\/div>\n\t\t\t\t\t<\/div>\n\t\t\t\t\t<div class=\"col col-sm-3 col-12\">\n\t\t\t\t\t\t<div class=\"gallery-item-holder\">\n\t\t\t\t\t\t\t<div class=\"image-thumbnail\"><img loading=\"lazy\" src=\"https:\/\/www.celiajay.com\/wp-content\/uploads\/2022\/11\/Sans-titre-2-300x220.png\" alt=\"\" width=\"300\" height=\"220\"><\/div>\n\t\t\t\t\t\t<\/div>\n\t\t\t\t\t<\/div><\/div>\n<\/div> \n\t\t\t\t<\/div>\n\t\t\t\t<\/div>\n\t\t\t\t\t<\/div>\n\t\t<\/div>\n\t\t\t\t\t\t\t<\/div>\n\t\t<\/section>\n\t\t\t\t\t<\/div>\n\t\t<\/div>\n\t\t\t\t\t\t\t<\/div>\n\t\t<\/section>\n\t\t\t\t<section class=\"elementor-section elementor-top-section elementor-element elementor-element-f503c87 elementor-section-content-top elementor-section-boxed elementor-section-height-default elementor-section-height-default default-style\" data-id=\"f503c87\" data-element_type=\"section\" data-settings=\"{&quot;rt_color_sets&quot;:&quot;default-style&quot;}\">\n\t\t\t\t\t\t<div class=\"elementor-container elementor-column-gap-default\">\n\t\t\t\t\t<div class=\"elementor-column elementor-col-50 elementor-top-column elementor-element elementor-element-b04d733\" data-id=\"b04d733\" data-element_type=\"column\">\n\t\t\t<div class=\"elementor-widget-wrap elementor-element-populated\">\n\t\t\t\t\t\t\t\t<div class=\"elementor-element elementor-element-8917339 elementor-view-framed rt-custom-style elementor-shape-circle elementor-widget elementor-widget-icon\" data-id=\"8917339\" data-element_type=\"widget\" data-widget_type=\"icon.default\">\n\t\t\t\t<div class=\"elementor-widget-container\">\n\t\t\t\t\t<div class=\"elementor-icon-wrapper\">\n\t\t\t<a class=\"elementor-icon elementor-animation-grow\" href=\"\/index.php\/cabinet-mauvezin\/\">\n\t\t\t<i aria-hidden=\"true\" class=\"rt-elementor-icon icon-01_home\"><\/i>\t\t\t<\/a>\n\t\t<\/div>\n\t\t\t\t<\/div>\n\t\t\t\t<\/div>\n\t\t\t\t<div class=\"elementor-element elementor-element-5d640cc elementor-widget elementor-widget-rt-heading\" data-id=\"5d640cc\" data-element_type=\"widget\" data-widget_type=\"rt-heading.default\">\n\t\t\t\t<div class=\"elementor-widget-container\">\n\t\t\t<div class=\"rt-heading-wrapper style-3 text-center\">\n\t\t\t\t\t\t<H6 class=\"   rt-heading style-3\" >A Mauvezin (Gers)<\/H6>\n\t\t\t\t\t<\/div>\t\t<\/div>\n\t\t\t\t<\/div>\n\t\t\t\t<div class=\"elementor-element elementor-element-3c5871d elementor-widget elementor-widget-text-editor\" data-id=\"3c5871d\" data-element_type=\"widget\" data-widget_type=\"text-editor.default\">\n\t\t\t\t<div class=\"elementor-widget-container\">\n\t\t\t\t\t<div class=\"elementor-text-editor elementor-clearfix\"><p>3 rue de la r\u00e9publique 32120 Mauvezin<\/p><p>Lundi &#8211; Jeudi 14h &#8211; 20h<\/p><p>Samedi 9h -12h30<\/p><p>75\u20ac la s\u00e9ance 1h<\/p><p><strong>06.380.390.03<\/strong><\/p><p>Paiement par ch\u00e8que ou esp\u00e8ces<\/p><p>Facture sur demande<\/p><\/div>\n\t\t\t\t<\/div>\n\t\t\t\t<\/div>\n\t\t\t\t\t<\/div>\n\t\t<\/div>\n\t\t\t\t<div class=\"elementor-column elementor-col-50 elementor-top-column elementor-element elementor-element-bed615b\" data-id=\"bed615b\" data-element_type=\"column\">\n\t\t\t<div class=\"elementor-widget-wrap elementor-element-populated\">\n\t\t\t\t\t\t\t\t<div class=\"elementor-element elementor-element-f20c1ae elementor-view-framed rt-custom-style elementor-shape-circle elementor-widget elementor-widget-icon\" data-id=\"f20c1ae\" data-element_type=\"widget\" data-widget_type=\"icon.default\">\n\t\t\t\t<div class=\"elementor-widget-container\">\n\t\t\t\t\t<div class=\"elementor-icon-wrapper\">\n\t\t\t<a class=\"elementor-icon elementor-animation-grow\" href=\"\/index.php\/cabinet-blagnac\/\">\n\t\t\t<i aria-hidden=\"true\" class=\"rt-elementor-icon icon-01_home\"><\/i>\t\t\t<\/a>\n\t\t<\/div>\n\t\t\t\t<\/div>\n\t\t\t\t<\/div>\n\t\t\t\t<div class=\"elementor-element elementor-element-65f78e5 elementor-widget elementor-widget-rt-heading\" data-id=\"65f78e5\" data-element_type=\"widget\" data-widget_type=\"rt-heading.default\">\n\t\t\t\t<div class=\"elementor-widget-container\">\n\t\t\t<div class=\"rt-heading-wrapper style-3 text-center\">\n\t\t\t\t\t\t<H6 class=\"   rt-heading style-3\" >A Blagnac<\/H6>\n\t\t\t\t\t<\/div>\t\t<\/div>\n\t\t\t\t<\/div>\n\t\t\t\t<div class=\"elementor-element elementor-element-7d0923d elementor-widget elementor-widget-text-editor\" data-id=\"7d0923d\" data-element_type=\"widget\" data-widget_type=\"text-editor.default\">\n\t\t\t\t<div class=\"elementor-widget-container\">\n\t\t\t\t\t<div class=\"elementor-text-editor elementor-clearfix\"><p>15 route de grenade 31700 Blagnac<\/p><p>Mercredi &#8211; Vendredi<\/p><p>10h &#8211; 20h<\/p><p>75\u20ac la s\u00e9ance 1h<\/p><p><strong>06.380.390.03<\/strong><\/p><p>Paiement par ch\u00e8que ou esp\u00e8ces<\/p><p>Facture sur demande<\/p><\/div>\n\t\t\t\t<\/div>\n\t\t\t\t<\/div>\n\t\t\t\t\t<\/div>\n\t\t<\/div>\n\t\t\t\t\t\t\t<\/div>\n\t\t<\/section>\n\t\t\t\t<section class=\"elementor-section elementor-top-section elementor-element elementor-element-718d2b4 elementor-section-boxed elementor-section-height-default elementor-section-height-default default-style\" data-id=\"718d2b4\" data-element_type=\"section\" data-settings=\"{&quot;rt_color_sets&quot;:&quot;default-style&quot;}\">\n\t\t\t\t\t\t<div class=\"elementor-container elementor-column-gap-default\">\n\t\t\t\t\t<div class=\"elementor-column elementor-col-100 elementor-top-column elementor-element elementor-element-0bcbf5e\" data-id=\"0bcbf5e\" data-element_type=\"column\">\n\t\t\t<div class=\"elementor-widget-wrap elementor-element-populated\">\n\t\t\t\t\t\t\t\t<div class=\"elementor-element elementor-element-091cf0e elementor-widget elementor-widget-text-editor\" data-id=\"091cf0e\" data-element_type=\"widget\" data-widget_type=\"text-editor.default\">\n\t\t\t\t<div class=\"elementor-widget-container\">\n\t\t\t\t\t<div class=\"elementor-text-editor elementor-clearfix\"><p>*Forfaits valables 6 mois.<\/p><p>**Forfaits valables 1 an.<\/p><p>Un rendez-vous non d\u00e9command\u00e9 minimum 48h \u00e0 l&rsquo;avance donnera lieu au r\u00e8glement de la s\u00e9ance.<\/p><\/div>\n\t\t\t\t<\/div>\n\t\t\t\t<\/div>\n\t\t\t\t\t<\/div>\n\t\t<\/div>\n\t\t\t\t\t\t\t<\/div>\n\t\t<\/section>\n\t\t\t\t<section class=\"elementor-section elementor-top-section elementor-element elementor-element-7251875 elementor-section-boxed elementor-section-height-default elementor-section-height-default default-style\" data-id=\"7251875\" data-element_type=\"section\" data-settings=\"{&quot;rt_color_sets&quot;:&quot;default-style&quot;}\">\n\t\t\t\t\t\t<div class=\"elementor-container elementor-column-gap-default\">\n\t\t\t\t\t<div class=\"elementor-column elementor-col-100 elementor-top-column elementor-element elementor-element-d29c968\" data-id=\"d29c968\" data-element_type=\"column\">\n\t\t\t<div class=\"elementor-widget-wrap elementor-element-populated\">\n\t\t\t\t\t\t\t\t<div class=\"elementor-element elementor-element-692cfd9 elementor-widget elementor-widget-text-editor\" data-id=\"692cfd9\" data-element_type=\"widget\" data-widget_type=\"text-editor.default\">\n\t\t\t\t<div class=\"elementor-widget-container\">\n\t\t\t\t\t<div class=\"elementor-text-editor elementor-clearfix\"><p style=\"text-align: left;\">Si vous n\u2019\u00eates pas parvenu \u00e0 r\u00e9soudre votre litige apr\u00e8s nous avoir adress\u00e9 une r\u00e9clamation \u00e9crite (courrier ou courriel), dat\u00e9e, rappelant les circonstances qui ont donn\u00e9 lieu au diff\u00e9rend et ce que vous r\u00e9clamez, vous pourrez saisir le m\u00e9diateur de la consommation, d\u00e9sign\u00e9 ci- dessous, si vous avez re\u00e7u une r\u00e9ponse \u00e9crite n\u00e9gative de notre part ou pas de r\u00e9ponse deux mois apr\u00e8s l\u2019envoi de votre r\u00e9clamation.<\/p><p style=\"text-align: center;\"><strong>Conform\u00e9ment aux articles L.616-1 et R.616-1 <\/strong><br \/><strong>du code de la consommation, notre soci\u00e9t\u00e9 a mis en place un dispositif de m\u00e9diation de la consommation. L&rsquo;entit\u00e9 de m\u00e9diation retenue est :<\/strong><\/p><p style=\"text-align: center;\"><strong><span style=\"color: #ff99cc;\">MEDIATION CONSOMMATION D\u00c9VELOPPEMENT\/MED CONSO DEV<\/span><\/strong><\/p><p style=\"text-align: center;\"><strong>En cas de litige, vous pouvez d\u00e9poser votre r\u00e9clamation sur son site :<\/strong> <a href=\"https:\/\/www.medconsodev.eu\" target=\"_blank\" rel=\"noopener\"><span style=\"color: #ff99cc;\"><strong>https:\/\/www.medconsodev.eu<\/strong><\/span><\/a><\/p><p style=\"text-align: center;\"><strong>ou par voie postale en \u00e9crivant \u00e0 :<\/strong><\/p><p style=\"text-align: center;\"><strong><span style=\"color: #ff99cc;\">MEDIATION CONSOMMATION D\u00c9VELOPPEMENT\/MED CONSO DEV<\/span><\/strong><br \/><strong><span style=\"color: #ff99cc;\">Centre d\u2019Affaires St\u00e9phanois SAS<\/span><\/strong><br \/><strong><span style=\"color: #ff99cc;\">IMMEUBLE L\u2019HORIZON \u2013 ESPLANADE DE FRANCE<\/span><\/strong><br \/><strong><span style=\"color: #ff99cc;\">3, RUE J. CONSTANT MILLERET \u2013 42000 SAINT-\u00c9TIENNE<\/span><\/strong><\/p><\/div>\n\t\t\t\t<\/div>\n\t\t\t\t<\/div>\n\t\t\t\t\t<\/div>\n\t\t<\/div>\n\t\t\t\t\t\t\t<\/div>\n\t\t<\/section>\n\t\t\t\t\t\t<\/div>\n\t\t\t\t\t<\/div>\n\t\t","protected":false},"excerpt":{"rendered":"<p>Massage Palper-Rouler Manuel Qu\u2019est-ce que le palper-rouler manuel ? Le palper-rouler manuel est une technique de massage enti\u00e8rement manuelle et non invasive.Elle consiste \u00e0 drainer l\u2019accumulation de graisse sous la peau et \u00e0 relancer les \u00e9changes cellulaires afin de favoriser la circulation des graisses. La cellulite, due \u00e0 une accumulation de tissu adipeux sous la [&hellip;]<\/p>\n","protected":false},"author":1,"featured_media":0,"parent":0,"menu_order":0,"comment_status":"closed","ping_status":"closed","template":"","meta":[],"_links":{"self":[{"href":"https:\/\/www.celiajay.com\/index.php\/wp-json\/wp\/v2\/pages\/4104"}],"collection":[{"href":"https:\/\/www.celiajay.com\/index.php\/wp-json\/wp\/v2\/pages"}],"about":[{"href":"https:\/\/www.celiajay.com\/index.php\/wp-json\/wp\/v2\/types\/page"}],"author":[{"embeddable":true,"href":"https:\/\/www.celiajay.com\/index.php\/wp-json\/wp\/v2\/users\/1"}],"replies":[{"embeddable":true,"href":"https:\/\/www.celiajay.com\/index.php\/wp-json\/wp\/v2\/comments?post=4104"}],"version-history":[{"count":64,"href":"https:\/\/www.celiajay.com\/index.php\/wp-json\/wp\/v2\/pages\/4104\/revisions"}],"predecessor-version":[{"id":5298,"href":"https:\/\/www.celiajay.com\/index.php\/wp-json\/wp\/v2\/pages\/4104\/revisions\/5298"}],"wp:attachment":[{"href":"https:\/\/www.celiajay.com\/index.php\/wp-json\/wp\/v2\/media?parent=4104"}],"curies":[{"name":"wp","href":"https:\/\/api.w.org\/{rel}","templated":true}]}}