{"id":4098,"date":"2022-11-23T10:23:37","date_gmt":"2022-11-23T09:23:37","guid":{"rendered":"https:\/\/www.celiajay.com\/?page_id=4098"},"modified":"2025-08-29T08:00:28","modified_gmt":"2025-08-29T06:00:28","slug":"drainage-lymphatique-manuel","status":"publish","type":"page","link":"https:\/\/www.celiajay.com\/index.php\/drainage-lymphatique-manuel\/","title":{"rendered":"Drainage Lymphatique Manuel d\u00e9tails"},"content":{"rendered":"\t\t<div data-elementor-type=\"wp-page\" data-elementor-id=\"4098\" class=\"elementor elementor-4098\" data-elementor-settings=\"[]\">\n\t\t\t\t\t\t\t<div class=\"elementor-section-wrap\">\n\t\t\t\t\t\t\t<section class=\"elementor-section elementor-top-section elementor-element elementor-element-7508d55 elementor-section-boxed elementor-section-height-default elementor-section-height-default default-style\" data-id=\"7508d55\" data-element_type=\"section\" data-settings=\"{&quot;rt_color_sets&quot;:&quot;default-style&quot;}\">\n\t\t\t\t\t\t<div class=\"elementor-container elementor-column-gap-default\">\n\t\t\t\t\t<div class=\"elementor-column elementor-col-100 elementor-top-column elementor-element elementor-element-f4a1362\" data-id=\"f4a1362\" data-element_type=\"column\">\n\t\t\t<div class=\"elementor-widget-wrap elementor-element-populated\">\n\t\t\t\t\t\t\t\t<div class=\"elementor-element elementor-element-69b18bd elementor-widget elementor-widget-spacer\" data-id=\"69b18bd\" data-element_type=\"widget\" data-widget_type=\"spacer.default\">\n\t\t\t\t<div class=\"elementor-widget-container\">\n\t\t\t\t\t<div class=\"elementor-spacer\">\n\t\t\t<div class=\"elementor-spacer-inner\"><\/div>\n\t\t<\/div>\n\t\t\t\t<\/div>\n\t\t\t\t<\/div>\n\t\t\t\t\t<\/div>\n\t\t<\/div>\n\t\t\t\t\t\t\t<\/div>\n\t\t<\/section>\n\t\t\t\t<section class=\"elementor-section elementor-top-section elementor-element elementor-element-8fca641 elementor-section-boxed elementor-section-height-default elementor-section-height-default default-style\" data-id=\"8fca641\" data-element_type=\"section\" data-settings=\"{&quot;rt_color_sets&quot;:&quot;default-style&quot;}\">\n\t\t\t\t\t\t<div class=\"elementor-container elementor-column-gap-default\">\n\t\t\t\t\t<div class=\"elementor-column elementor-col-100 elementor-top-column elementor-element elementor-element-07c9c4c\" data-id=\"07c9c4c\" data-element_type=\"column\">\n\t\t\t<div class=\"elementor-widget-wrap elementor-element-populated\">\n\t\t\t\t\t\t\t\t<div class=\"elementor-element elementor-element-2bdb174 elementor-widget elementor-widget-spacer\" data-id=\"2bdb174\" data-element_type=\"widget\" data-widget_type=\"spacer.default\">\n\t\t\t\t<div class=\"elementor-widget-container\">\n\t\t\t\t\t<div class=\"elementor-spacer\">\n\t\t\t<div class=\"elementor-spacer-inner\"><\/div>\n\t\t<\/div>\n\t\t\t\t<\/div>\n\t\t\t\t<\/div>\n\t\t\t\t\t<\/div>\n\t\t<\/div>\n\t\t\t\t\t\t\t<\/div>\n\t\t<\/section>\n\t\t\t\t<section class=\"elementor-section elementor-top-section elementor-element elementor-element-296ce4d elementor-section-content-middle elementor-section-boxed elementor-section-height-default elementor-section-height-default default-style\" data-id=\"296ce4d\" data-element_type=\"section\" data-settings=\"{&quot;animation&quot;:&quot;none&quot;,&quot;rt_color_sets&quot;:&quot;default-style&quot;}\">\n\t\t\t\t\t\t<div class=\"elementor-container elementor-column-gap-default\">\n\t\t\t\t\t<div class=\"elementor-column elementor-col-100 elementor-top-column elementor-element elementor-element-05ea43c elementor-invisible\" data-id=\"05ea43c\" data-element_type=\"column\" data-settings=\"{&quot;animation&quot;:&quot;fadeInLeft&quot;}\">\n\t\t\t<div class=\"elementor-widget-wrap elementor-element-populated\">\n\t\t\t\t\t\t\t\t<section class=\"elementor-section elementor-inner-section elementor-element elementor-element-df0507e elementor-section-boxed elementor-section-height-default elementor-section-height-default default-style\" data-id=\"df0507e\" data-element_type=\"section\" data-settings=\"{&quot;rt_color_sets&quot;:&quot;default-style&quot;}\">\n\t\t\t\t\t\t<div class=\"elementor-container elementor-column-gap-default\">\n\t\t\t\t\t<div class=\"elementor-column elementor-col-100 elementor-inner-column elementor-element elementor-element-9390ba9\" data-id=\"9390ba9\" data-element_type=\"column\">\n\t\t\t<div class=\"elementor-widget-wrap elementor-element-populated\">\n\t\t\t\t\t\t\t\t<div class=\"elementor-element elementor-element-b72faff elementor-widget elementor-widget-rt-heading\" data-id=\"b72faff\" data-element_type=\"widget\" data-widget_type=\"rt-heading.default\">\n\t\t\t\t<div class=\"elementor-widget-container\">\n\t\t\t<div class=\"rt-heading-wrapper style-3 text-tablet-left text-mobile-left\">\n\t\t\t\t\t\t<H4 class=\"   rt-heading style-3\" >Drainage Lymphatique Manuel du Dr VODDER<\/H4>\n\t\t\t\t\t<\/div>\t\t<\/div>\n\t\t\t\t<\/div>\n\t\t\t\t<div class=\"elementor-element elementor-element-22cc100 elementor-widget elementor-widget-text-editor\" data-id=\"22cc100\" data-element_type=\"widget\" data-widget_type=\"text-editor.default\">\n\t\t\t\t<div class=\"elementor-widget-container\">\n\t\t\t\t\t<div class=\"elementor-text-editor elementor-clearfix\"><p><strong>Qu&rsquo;est ce que le drainage lymphatique manuel du Dr Vodder ?<\/strong><\/p><p>Le drainage lymphatique manuel m\u00e9thode Vodder est une <strong>technique de massage manuelle l\u00e9g\u00e8re, apaisante et non invasive<\/strong> <strong>destin\u00e9e \u00e0 stimuler la circulation de la lymphe.<\/strong><\/p><p>En d\u00e9pla\u00e7ant la peau sur son tissu sous-jacent en direction de l&rsquo;\u00e9vacuation de la lymphe par des mouvements circulaires, avec une pression l\u00e9g\u00e8re qui augmente et diminue progressivement, cette technique <strong>favorise le nettoyage, la d\u00e9sintoxication et le d\u00e9sengorgement du tissu conjonctif et des ganglions lymphatiques de tout l&rsquo;organisme (corps et visage).<\/strong><\/p><p>Les <strong>mouvements r\u00e9p\u00e9titifs et rythm\u00e9s<\/strong> de ce massage facilite l\u2019<strong>\u00e9limination d\u2019un plus grand volume de fluide stagnant<\/strong> (\u0153d\u00e8me).\u00a0La lymphe est ainsi dirig\u00e9e \u00e0 travers des canaux lymphatiques vers les ganglions lymphatiques o\u00f9 agents pathog\u00e8nes, d\u00e9chets m\u00e9taboliques et toxines seront neutralis\u00e9s.\u00a0La circulation sanguine va ainsi augmenter et permettre un \u00e9change de nutriments et <strong>contribuer \u00e0 retrouver une meilleure sant\u00e9 et un meilleur bien-\u00eatre.<\/strong><br \/>Cette augmentation de la circulation sanguine, am\u00e9liore la <strong>r\u00e9g\u00e9n\u00e9ration cellulaire et favorise le rajeunissement de la peau, mais pas seulement\u2026\u00a0<\/strong><\/p><p><strong>Effets du drainage lymphatique manuel du Dr VODDER :<\/strong><\/p><ul><li>Stimule et am\u00e9liore la circulation de la lymphe, la circulation sanguine et la microcirculation<\/li><li>Anti\u0153d\u00e9mateux id\u00e9al pour les congestions (jambes\/bras\/visage \u2026)<\/li><li>Am\u00e9liore le syst\u00e8me immunitaire de d\u00e9fense en acc\u00e9l\u00e9rant le transport de la lymphe<\/li><li>Nettoie et d\u00e9sintoxique les tissus et les ganglions lymphatiques<\/li><li>R\u00e9gularise le syst\u00e8me nerveux en favorisant la relaxation<\/li><li>Cicatrisant<\/li><li>R\u00e9g\u00e9n\u00e9rant<\/li><li>Action antalgique<\/li><\/ul><p><strong>Indications du drainage lymphatique manuel du Dr Vodder ?<\/strong><\/p><ul><li>Jambes lourdes<\/li><li>Mauvaise circulation sanguine<\/li><li>\u0152d\u00e8mes<\/li><li>Lymph\u0153d\u00e8me<\/li><li>Peau d\u2019orange (en association avec le palper-rouler)<\/li><li>Perte de poids (en association avec le palper-rouler)<\/li><li>Cernes, yeux congestionn\u00e9s<\/li><li>R\u00e9cup\u00e9ration sportive<\/li><\/ul><p><strong>Contre-indications du drainage lymphatique manuel :<\/strong><\/p><ul><li>Tuberculose<\/li><li>Tumeurs malignes<\/li><li>Demandez un avis m\u00e9dical en cas d\u2019insuffisance r\u00e9nale, insuffisance cardiaque ou encore de vagotonie<\/li><\/ul><p><strong>A quelle fr\u00e9quence recevoir des s\u00e9ances de drainage lymphatique manuel m\u00e9thode Vodder?<\/strong><\/p><p>La s\u00e9ance dure<strong>\u00a01h.\u00a0<\/strong><\/p><p>Le rythme et le nombre des s\u00e9ances varient en fonction de chaque personne.<br \/>Il est habituellement recommand\u00e9 de faire 1 s\u00e9ance par semaine \u00e0 1 s\u00e9ance par mois.<\/p><\/div>\n\t\t\t\t<\/div>\n\t\t\t\t<\/div>\n\t\t\t\t<div class=\"elementor-element elementor-element-b4f8544 elementor-widget elementor-widget-rt-photo-gallery\" data-id=\"b4f8544\" data-element_type=\"widget\" data-widget_type=\"rt-photo-gallery.default\">\n\t\t\t\t<div class=\"elementor-widget-container\">\n\t\t\t\n\t\t\t<div class=\"rt-gallery  grid-gallery\"  ><div class=\"row\">\n\n\t\t\t\t\t<div class=\"col col-sm-3 col-12\">\n\t\t\t\t\t\t<div class=\"gallery-item-holder\">\n\t\t\t\t\t\t\t<div class=\"image-thumbnail\"><img loading=\"lazy\" src=\"https:\/\/www.celiajay.com\/wp-content\/uploads\/2022\/07\/image-1-300x220.jpg\" alt=\"\" width=\"300\" height=\"220\"><\/div>\n\t\t\t\t\t\t<\/div>\n\t\t\t\t\t<\/div>\n\t\t\t\t\t<div class=\"col col-sm-3 col-12\">\n\t\t\t\t\t\t<div class=\"gallery-item-holder\">\n\t\t\t\t\t\t\t<div class=\"image-thumbnail\"><img loading=\"lazy\" src=\"https:\/\/www.celiajay.com\/wp-content\/uploads\/2022\/07\/4-300x220.jpg\" alt=\"\" width=\"300\" height=\"220\"><\/div>\n\t\t\t\t\t\t<\/div>\n\t\t\t\t\t<\/div>\n\t\t\t\t\t<div class=\"col col-sm-3 col-12\">\n\t\t\t\t\t\t<div class=\"gallery-item-holder\">\n\t\t\t\t\t\t\t<div class=\"image-thumbnail\"><img loading=\"lazy\" src=\"https:\/\/www.celiajay.com\/wp-content\/uploads\/2022\/07\/3-300x220.jpg\" alt=\"\" width=\"300\" height=\"220\"><\/div>\n\t\t\t\t\t\t<\/div>\n\t\t\t\t\t<\/div>\n\t\t\t\t\t<div class=\"col col-sm-3 col-12\">\n\t\t\t\t\t\t<div class=\"gallery-item-holder\">\n\t\t\t\t\t\t\t<div class=\"image-thumbnail\"><img loading=\"lazy\" src=\"https:\/\/www.celiajay.com\/wp-content\/uploads\/2022\/07\/7-300x220.jpg\" alt=\"\" width=\"300\" height=\"220\"><\/div>\n\t\t\t\t\t\t<\/div>\n\t\t\t\t\t<\/div><\/div>\n<\/div> \n\t\t\t\t<\/div>\n\t\t\t\t<\/div>\n\t\t\t\t\t<\/div>\n\t\t<\/div>\n\t\t\t\t\t\t\t<\/div>\n\t\t<\/section>\n\t\t\t\t\t<\/div>\n\t\t<\/div>\n\t\t\t\t\t\t\t<\/div>\n\t\t<\/section>\n\t\t\t\t<section class=\"elementor-section elementor-top-section elementor-element elementor-element-5557a8e elementor-section-content-top elementor-section-boxed elementor-section-height-default elementor-section-height-default default-style\" data-id=\"5557a8e\" data-element_type=\"section\" data-settings=\"{&quot;rt_color_sets&quot;:&quot;default-style&quot;}\">\n\t\t\t\t\t\t<div class=\"elementor-container elementor-column-gap-default\">\n\t\t\t\t\t<div class=\"elementor-column elementor-col-50 elementor-top-column elementor-element elementor-element-6b531d1\" data-id=\"6b531d1\" data-element_type=\"column\">\n\t\t\t<div class=\"elementor-widget-wrap elementor-element-populated\">\n\t\t\t\t\t\t\t\t<div class=\"elementor-element elementor-element-0dcbd46 elementor-view-framed rt-custom-style elementor-shape-circle elementor-widget elementor-widget-icon\" data-id=\"0dcbd46\" data-element_type=\"widget\" data-widget_type=\"icon.default\">\n\t\t\t\t<div class=\"elementor-widget-container\">\n\t\t\t\t\t<div class=\"elementor-icon-wrapper\">\n\t\t\t<a class=\"elementor-icon elementor-animation-grow\" href=\"\/index.php\/cabinet-mauvezin\/\">\n\t\t\t<i aria-hidden=\"true\" class=\"rt-elementor-icon icon-01_home\"><\/i>\t\t\t<\/a>\n\t\t<\/div>\n\t\t\t\t<\/div>\n\t\t\t\t<\/div>\n\t\t\t\t<div class=\"elementor-element elementor-element-bd1a17b elementor-widget elementor-widget-rt-heading\" data-id=\"bd1a17b\" data-element_type=\"widget\" data-widget_type=\"rt-heading.default\">\n\t\t\t\t<div class=\"elementor-widget-container\">\n\t\t\t<div class=\"rt-heading-wrapper style-3 text-center\">\n\t\t\t\t\t\t<H6 class=\"   rt-heading style-3\" >A Mauvezin (Gers)<\/H6>\n\t\t\t\t\t<\/div>\t\t<\/div>\n\t\t\t\t<\/div>\n\t\t\t\t<div class=\"elementor-element elementor-element-61ec6fa elementor-widget elementor-widget-text-editor\" data-id=\"61ec6fa\" data-element_type=\"widget\" data-widget_type=\"text-editor.default\">\n\t\t\t\t<div class=\"elementor-widget-container\">\n\t\t\t\t\t<div class=\"elementor-text-editor elementor-clearfix\"><p>3 rue de la r\u00e9publique 32120 Mauvezin<\/p><p>Lundi &#8211; Jeudi 14h &#8211; 20h<\/p><p>Samedi 9h &#8211; 12h30<\/p><p>65\u20ac la s\u00e9ance 1h<\/p><p>350\u20ac le forfait de 6 s\u00e9ances*<\/p><p>550\u20ac le forfait de 10 s\u00e9ances(au lieu de 650\u20ac)**<\/p><p>630\u20ac le forfait de 12 s\u00e9ances (au lieu de 780\u20ac)**<\/p><p><strong>06.380.390.03<\/strong><\/p><p>Paiement par ch\u00e8que, esp\u00e8ces ou virement instantan\u00e9<\/p><p>Facture sur demande<\/p><\/div>\n\t\t\t\t<\/div>\n\t\t\t\t<\/div>\n\t\t\t\t<div class=\"elementor-element elementor-element-09d106e elementor-widget elementor-widget-html\" data-id=\"09d106e\" data-element_type=\"widget\" data-widget_type=\"html.default\">\n\t\t\t\t<div class=\"elementor-widget-container\">\n\t\t\t<!-- D\u00e9but de bouton iTiaki -->\r\n<style>\r\n.btn-itiaki { padding:0.8em; color:#ffffff; background:#5a7969; border-radius:0.4em; } \r\n.btn-itiaki:hover { background:#3c5b4b; color:#ffffff; }\r\n<\/style>\r\n<a href=\"https:\/\/rdv.itiaki.com\/celiajay\" title=\"Prendre rendez-vous en ligne\" class=\"btn-itiaki\" target=\"_blank\">Prendre rendez-vous<\/a>\r\n<!-- Fin de bouton iTiaki -->\t\t<\/div>\n\t\t\t\t<\/div>\n\t\t\t\t\t<\/div>\n\t\t<\/div>\n\t\t\t\t<div class=\"elementor-column elementor-col-50 elementor-top-column elementor-element elementor-element-00c15fb\" data-id=\"00c15fb\" data-element_type=\"column\">\n\t\t\t<div class=\"elementor-widget-wrap elementor-element-populated\">\n\t\t\t\t\t\t\t\t<div class=\"elementor-element elementor-element-b5d1b5a elementor-view-framed rt-custom-style elementor-shape-circle elementor-widget elementor-widget-icon\" data-id=\"b5d1b5a\" data-element_type=\"widget\" data-widget_type=\"icon.default\">\n\t\t\t\t<div class=\"elementor-widget-container\">\n\t\t\t\t\t<div class=\"elementor-icon-wrapper\">\n\t\t\t<a class=\"elementor-icon elementor-animation-grow\" href=\"\/index.php\/cabinet-blagnac\/\">\n\t\t\t<i aria-hidden=\"true\" class=\"rt-elementor-icon icon-01_home\"><\/i>\t\t\t<\/a>\n\t\t<\/div>\n\t\t\t\t<\/div>\n\t\t\t\t<\/div>\n\t\t\t\t<div class=\"elementor-element elementor-element-573557c elementor-widget elementor-widget-rt-heading\" data-id=\"573557c\" data-element_type=\"widget\" data-widget_type=\"rt-heading.default\">\n\t\t\t\t<div class=\"elementor-widget-container\">\n\t\t\t<div class=\"rt-heading-wrapper style-3 text-center\">\n\t\t\t\t\t\t<H6 class=\"   rt-heading style-3\" >A Blagnac<\/H6>\n\t\t\t\t\t<\/div>\t\t<\/div>\n\t\t\t\t<\/div>\n\t\t\t\t<div class=\"elementor-element elementor-element-77a3a92 elementor-widget elementor-widget-text-editor\" data-id=\"77a3a92\" data-element_type=\"widget\" data-widget_type=\"text-editor.default\">\n\t\t\t\t<div class=\"elementor-widget-container\">\n\t\t\t\t\t<div class=\"elementor-text-editor elementor-clearfix\"><p>15 route de grenade 31700 Blagnac<\/p><p>Mercredi &#8211; Vendredi<\/p><p>10h &#8211; 20h<\/p><p>65\u20ac la s\u00e9ance 1h<\/p><p>350\u20ac le forfait de 6 s\u00e9ances*<\/p><p>550\u20ac le forfait de 10 s\u00e9ances(au lieu de 650\u20ac)**<\/p><p>630\u20ac le forfait de 12 s\u00e9ances (au lieu de 780\u20ac)**<\/p><p><strong>06.380.390.03<\/strong><\/p><p>Paiement par ch\u00e8que, esp\u00e8ces ou virement instantan\u00e9<\/p><p>Facture sur demande<\/p><\/div>\n\t\t\t\t<\/div>\n\t\t\t\t<\/div>\n\t\t\t\t<div class=\"elementor-element elementor-element-865da10 elementor-widget elementor-widget-html\" data-id=\"865da10\" data-element_type=\"widget\" data-widget_type=\"html.default\">\n\t\t\t\t<div class=\"elementor-widget-container\">\n\t\t\t<!-- D\u00e9but de bouton iTiaki -->\r\n<style>\r\n.btn-itiaki { padding:0.8em; color:#ffffff; background:#5a7969; border-radius:0.4em; } \r\n.btn-itiaki:hover { background:#3c5b4b; color:#ffffff; }\r\n<\/style>\r\n<a href=\"https:\/\/rdv.itiaki.com\/celiajay\" title=\"Prendre rendez-vous en ligne\" class=\"btn-itiaki\" target=\"_blank\">Prendre rendez-vous<\/a>\r\n<!-- Fin de bouton iTiaki -->\t\t<\/div>\n\t\t\t\t<\/div>\n\t\t\t\t\t<\/div>\n\t\t<\/div>\n\t\t\t\t\t\t\t<\/div>\n\t\t<\/section>\n\t\t\t\t<section class=\"elementor-section elementor-top-section elementor-element elementor-element-75f7559 elementor-section-boxed elementor-section-height-default elementor-section-height-default default-style\" data-id=\"75f7559\" data-element_type=\"section\" data-settings=\"{&quot;rt_color_sets&quot;:&quot;default-style&quot;}\">\n\t\t\t\t\t\t<div class=\"elementor-container elementor-column-gap-default\">\n\t\t\t\t\t<div class=\"elementor-column elementor-col-100 elementor-top-column elementor-element elementor-element-9bdb486\" data-id=\"9bdb486\" data-element_type=\"column\">\n\t\t\t<div class=\"elementor-widget-wrap elementor-element-populated\">\n\t\t\t\t\t\t\t\t<div class=\"elementor-element elementor-element-c0e8f25 elementor-widget elementor-widget-text-editor\" data-id=\"c0e8f25\" data-element_type=\"widget\" data-widget_type=\"text-editor.default\">\n\t\t\t\t<div class=\"elementor-widget-container\">\n\t\t\t\t\t<div class=\"elementor-text-editor elementor-clearfix\"><p>*Forfaits valables 6 mois.<\/p><p>**Forfaits valables 1 an.<\/p><p>Paiement en 1 ou 2 fois au 1er rendez-vous.<\/p><p>Un rendez-vous non d\u00e9command\u00e9 minimum 48h \u00e0 l&rsquo;avance donnera lieu au r\u00e8glement de la s\u00e9ance.<\/p><\/div>\n\t\t\t\t<\/div>\n\t\t\t\t<\/div>\n\t\t\t\t\t<\/div>\n\t\t<\/div>\n\t\t\t\t\t\t\t<\/div>\n\t\t<\/section>\n\t\t\t\t\t\t<\/div>\n\t\t\t\t\t<\/div>\n\t\t","protected":false},"excerpt":{"rendered":"<p>Drainage Lymphatique Manuel du Dr VODDER Qu&rsquo;est ce que le drainage lymphatique manuel du Dr Vodder ? Le drainage lymphatique manuel m\u00e9thode Vodder est une technique de massage manuelle l\u00e9g\u00e8re, apaisante et non invasive destin\u00e9e \u00e0 stimuler la circulation de la lymphe. En d\u00e9pla\u00e7ant la peau sur son tissu sous-jacent en direction de l&rsquo;\u00e9vacuation de [&hellip;]<\/p>\n","protected":false},"author":1,"featured_media":0,"parent":0,"menu_order":0,"comment_status":"closed","ping_status":"closed","template":"","meta":[],"_links":{"self":[{"href":"https:\/\/www.celiajay.com\/index.php\/wp-json\/wp\/v2\/pages\/4098"}],"collection":[{"href":"https:\/\/www.celiajay.com\/index.php\/wp-json\/wp\/v2\/pages"}],"about":[{"href":"https:\/\/www.celiajay.com\/index.php\/wp-json\/wp\/v2\/types\/page"}],"author":[{"embeddable":true,"href":"https:\/\/www.celiajay.com\/index.php\/wp-json\/wp\/v2\/users\/1"}],"replies":[{"embeddable":true,"href":"https:\/\/www.celiajay.com\/index.php\/wp-json\/wp\/v2\/comments?post=4098"}],"version-history":[{"count":70,"href":"https:\/\/www.celiajay.com\/index.php\/wp-json\/wp\/v2\/pages\/4098\/revisions"}],"predecessor-version":[{"id":5261,"href":"https:\/\/www.celiajay.com\/index.php\/wp-json\/wp\/v2\/pages\/4098\/revisions\/5261"}],"wp:attachment":[{"href":"https:\/\/www.celiajay.com\/index.php\/wp-json\/wp\/v2\/media?parent=4098"}],"curies":[{"name":"wp","href":"https:\/\/api.w.org\/{rel}","templated":true}]}}