{"id":2241,"date":"2021-03-26T18:02:39","date_gmt":"2021-03-26T17:02:39","guid":{"rendered":"http:\/\/new.naturogers.com\/?page_id=2241"},"modified":"2026-01-23T11:37:18","modified_gmt":"2026-01-23T10:37:18","slug":"afsep","status":"publish","type":"page","link":"https:\/\/www.celiajay.com\/index.php\/afsep\/","title":{"rendered":"AFSEP"},"content":{"rendered":"\t\t<div data-elementor-type=\"wp-page\" data-elementor-id=\"2241\" class=\"elementor elementor-2241\" data-elementor-settings=\"[]\">\n\t\t\t\t\t\t\t<div class=\"elementor-section-wrap\">\n\t\t\t\t\t\t\t<section class=\"elementor-section elementor-top-section elementor-element elementor-element-5df14667 elementor-section-boxed elementor-section-height-default elementor-section-height-default default-style\" data-id=\"5df14667\" data-element_type=\"section\" data-settings=\"{&quot;rt_color_sets&quot;:&quot;default-style&quot;}\">\n\t\t\t\t\t\t<div class=\"elementor-container elementor-column-gap-default\">\n\t\t\t\t\t<div class=\"elementor-column elementor-col-100 elementor-top-column elementor-element elementor-element-160a5124\" data-id=\"160a5124\" data-element_type=\"column\">\n\t\t\t<div class=\"elementor-widget-wrap elementor-element-populated\">\n\t\t\t\t\t\t\t\t<div class=\"elementor-element elementor-element-c63a4f7 elementor-widget elementor-widget-text-editor\" data-id=\"c63a4f7\" data-element_type=\"widget\" data-widget_type=\"text-editor.default\">\n\t\t\t\t<div class=\"elementor-widget-container\">\n\t\t\t\t\t<div class=\"elementor-text-editor elementor-clearfix\"><\/div>\n\t\t\t\t<\/div>\n\t\t\t\t<\/div>\n\t\t\t\t\t<\/div>\n\t\t<\/div>\n\t\t\t\t\t\t\t<\/div>\n\t\t<\/section>\n\t\t\t\t<section class=\"elementor-section elementor-top-section elementor-element elementor-element-e21a7f3 elementor-section-full_width elementor-section-content-middle elementor-section-height-default elementor-section-height-default default-style\" data-id=\"e21a7f3\" data-element_type=\"section\" data-settings=\"{&quot;animation&quot;:&quot;none&quot;,&quot;rt_color_sets&quot;:&quot;default-style&quot;}\">\n\t\t\t\t\t\t<div class=\"elementor-container elementor-column-gap-default\">\n\t\t\t\t\t<div class=\"elementor-column elementor-col-50 elementor-top-column elementor-element elementor-element-fe01e30 elementor-invisible\" data-id=\"fe01e30\" data-element_type=\"column\" data-settings=\"{&quot;animation&quot;:&quot;fadeInLeft&quot;,&quot;background_background&quot;:&quot;slideshow&quot;,&quot;background_slideshow_gallery&quot;:[],&quot;background_slideshow_loop&quot;:&quot;yes&quot;,&quot;background_slideshow_slide_duration&quot;:5000,&quot;background_slideshow_slide_transition&quot;:&quot;fade&quot;,&quot;background_slideshow_transition_duration&quot;:500}\">\n\t\t\t<div class=\"elementor-widget-wrap elementor-element-populated\">\n\t\t\t\t\t\t\t\t<section class=\"elementor-section elementor-inner-section elementor-element elementor-element-32fa5c5 elementor-section-boxed elementor-section-height-default elementor-section-height-default default-style\" data-id=\"32fa5c5\" data-element_type=\"section\" data-settings=\"{&quot;rt_color_sets&quot;:&quot;default-style&quot;}\">\n\t\t\t\t\t\t<div class=\"elementor-container elementor-column-gap-default\">\n\t\t\t\t\t<div class=\"elementor-column elementor-col-100 elementor-inner-column elementor-element elementor-element-9b5c34a\" data-id=\"9b5c34a\" data-element_type=\"column\">\n\t\t\t<div class=\"elementor-widget-wrap elementor-element-populated\">\n\t\t\t\t\t\t\t\t<div class=\"elementor-element elementor-element-e538989 elementor-widget elementor-widget-rt-heading\" data-id=\"e538989\" data-element_type=\"widget\" data-widget_type=\"rt-heading.default\">\n\t\t\t\t<div class=\"elementor-widget-container\">\n\t\t\t<div class=\"rt-heading-wrapper style-3 text-tablet-left text-mobile-left\">\n\t\t\t\t\t\t<H4 class=\"   rt-heading style-3\" >L'AFSEP<\/H4>\n\t\t\t\t\t<\/div>\t\t<\/div>\n\t\t\t\t<\/div>\n\t\t\t\t<div class=\"elementor-element elementor-element-4e43866 elementor-widget elementor-widget-text-editor\" data-id=\"4e43866\" data-element_type=\"widget\" data-widget_type=\"text-editor.default\">\n\t\t\t\t<div class=\"elementor-widget-container\">\n\t\t\t\t\t<div class=\"elementor-text-editor elementor-clearfix\"><p>Cr\u00e9\u00e9e en 1962 et reconnue d\u2019utilit\u00e9 publique depuis 1967, l\u2019AFSEP &#8211;<strong> l\u2019Association Fran\u00e7aise des Scl\u00e9ros\u00e9s en Plaques<\/strong> \u2013 Association Nationale de patients &#8211; agr\u00e9\u00e9 par le Minist\u00e8re de la Sant\u00e9 &#8211; f\u00e9d\u00e8re des personnes atteintes de scl\u00e9rose en plaques, leurs proches et tous sympathisants sensibles \u00e0 la cause qu\u2019elle d\u00e9fend.<br \/>La Scl\u00e9rose En Plaques touche, aujourd\u2019hui, plus de <strong>130 000 personnes en France<\/strong>. Il s\u2019agit de la <strong>premi\u00e8re cause de handicap chez l\u2019adulte jeune apr\u00e8s les accidents de la route<\/strong>.<\/p><p>Relay\u00e9e par ses 90 d\u00e9l\u00e9gu\u00e9s d\u00e9partementaux, l\u2019AFSEP :<br \/>\u2022 <strong>propose \u00e9coute et soutien<\/strong> aux personnes malades et \u00e0 leurs aidants,<br \/>\u2022 les <strong>renseigne<\/strong>, les <strong>repr\u00e9sente<\/strong> et <strong>d\u00e9fend<\/strong> leurs int\u00e9r\u00eats,<br \/>\u2022 <strong>favorise la<\/strong> <strong>cr\u00e9ation de structures et services d\u2019accueil et de soins<\/strong> pour les personnes malades les plus d\u00e9pendantes,<br \/>\u2022 <strong>forme<\/strong> des acteurs de soins et d\u2019accompagnement<br \/>\u2022 <strong>informe<\/strong> sur la maladie notamment par sa revue trimestrielle \u00abFacteur Sant\u00e9\u00bb,<br \/>\u2022 <strong>participe \u00e0 la recherche<\/strong> en sciences sociales : elle affecte l\u2019ensemble de ses ressources \u00e0 des actions en faveur des personnes atteintes de scl\u00e9rose en plaques.<\/p><p>Parce que <strong>\u00ab parler de la maladie c\u2019est d\u00e9j\u00e0 la combattre \u00bb<\/strong>, les d\u00e9l\u00e9gu\u00e9s de l\u2019AFSEP, tous b\u00e9n\u00e9voles et pr\u00e9sents sur l\u2019ensemble de l\u2019hexagone \u0153uvrent tout au long de l\u2019ann\u00e9e, sur le terrain<\/p><p>De l\u2019<strong>organisation de groupes de parole, ateliers \u00ab Bien-\u00catre \u00bb, \u00e9quith\u00e9rapie, \u2026. en pr\u00e9sentiel ou en visioconf\u00e9nrece<\/strong>, l\u2019association adapte ses services aux besoins de ses adh\u00e9rents et de leurs proches.<\/p><p>\u00a0<\/p><\/div>\n\t\t\t\t<\/div>\n\t\t\t\t<\/div>\n\t\t\t\t\t<\/div>\n\t\t<\/div>\n\t\t\t\t\t\t\t<\/div>\n\t\t<\/section>\n\t\t\t\t\t<\/div>\n\t\t<\/div>\n\t\t\t\t<div class=\"elementor-column elementor-col-50 elementor-top-column elementor-element elementor-element-632f488 rt-el-parallax-background elementor-invisible\" data-id=\"632f488\" data-element_type=\"column\" data-settings=\"{&quot;background_background&quot;:&quot;classic&quot;,&quot;rt_parallax&quot;:&quot;rt-el-parallax-background&quot;,&quot;rt_bg_parallax_effect&quot;:&quot;2&quot;,&quot;animation&quot;:&quot;fadeInRight&quot;,&quot;rt_bg_parallax_speed&quot;:&quot;1&quot;}\">\n\t\t\t<div class=\"elementor-widget-wrap elementor-element-populated\">\n\t\t\t\t\t\t\t\t<div class=\"elementor-element elementor-element-88a556b elementor-widget elementor-widget-image\" data-id=\"88a556b\" data-element_type=\"widget\" data-widget_type=\"image.default\">\n\t\t\t\t<div class=\"elementor-widget-container\">\n\t\t\t\t\t<div class=\"elementor-image\">\n\t\t\t\t\t\t\t\t\t\t\t<a href=\"http:\/\/afsep.fr\" target=\"_blank\">\n\t\t\t\t\t\t\t<img width=\"600\" height=\"243\" src=\"https:\/\/www.celiajay.com\/wp-content\/uploads\/2021\/03\/logo_AFSEP_Octobre2020.jpg\" class=\"attachment-full size-full\" alt=\"\" loading=\"lazy\" srcset=\"https:\/\/www.celiajay.com\/wp-content\/uploads\/2021\/03\/logo_AFSEP_Octobre2020.jpg 600w, https:\/\/www.celiajay.com\/wp-content\/uploads\/2021\/03\/logo_AFSEP_Octobre2020-300x121.jpg 300w, https:\/\/www.celiajay.com\/wp-content\/uploads\/2021\/03\/logo_AFSEP_Octobre2020-393x159.jpg 393w, https:\/\/www.celiajay.com\/wp-content\/uploads\/2021\/03\/logo_AFSEP_Octobre2020-290x117.jpg 290w\" sizes=\"(max-width: 600px) 100vw, 600px\" \/>\t\t\t\t\t\t\t\t<\/a>\n\t\t\t\t\t\t\t\t\t\t\t<\/div>\n\t\t\t\t<\/div>\n\t\t\t\t<\/div>\n\t\t\t\t\t<\/div>\n\t\t<\/div>\n\t\t\t\t\t\t\t<\/div>\n\t\t<\/section>\n\t\t\t\t<section class=\"elementor-section elementor-top-section elementor-element elementor-element-ad18975 elementor-section-full_width elementor-section-content-middle elementor-reverse-mobile elementor-section-height-default elementor-section-height-default default-style\" data-id=\"ad18975\" data-element_type=\"section\" data-settings=\"{&quot;rt_color_sets&quot;:&quot;default-style&quot;}\">\n\t\t\t\t\t\t<div class=\"elementor-container elementor-column-gap-default\">\n\t\t\t\t\t<div class=\"elementor-column elementor-col-50 elementor-top-column elementor-element elementor-element-5b39b48 rt-el-parallax-background elementor-invisible\" data-id=\"5b39b48\" data-element_type=\"column\" data-settings=\"{&quot;background_background&quot;:&quot;classic&quot;,&quot;rt_parallax&quot;:&quot;rt-el-parallax-background&quot;,&quot;rt_bg_parallax_effect&quot;:&quot;1&quot;,&quot;animation&quot;:&quot;fadeInLeft&quot;,&quot;rt_bg_parallax_speed&quot;:&quot;1&quot;}\">\n\t\t\t<div class=\"elementor-widget-wrap elementor-element-populated\">\n\t\t\t\t\t\t\t\t<div class=\"elementor-element elementor-element-8b0d59a elementor-widget elementor-widget-image\" data-id=\"8b0d59a\" data-element_type=\"widget\" data-widget_type=\"image.default\">\n\t\t\t\t<div class=\"elementor-widget-container\">\n\t\t\t\t\t<div class=\"elementor-image\">\n\t\t\t\t\t\t\t\t\t\t<img src=\"https:\/\/www.celiajay.com\/wp-content\/uploads\/elementor\/thumbs\/young-plant-PEC7EQH-scaled-p4qwxmu2qd8eusgihevmg97chk1dl10nu14q13pi7y.jpg\" title=\"Two hands holding together a green young plant isolated on white background\" alt=\"Two hands holding together a green young plant isolated on white background\" \/>\t\t\t\t\t\t\t\t\t\t\t<\/div>\n\t\t\t\t<\/div>\n\t\t\t\t<\/div>\n\t\t\t\t\t<\/div>\n\t\t<\/div>\n\t\t\t\t<div class=\"elementor-column elementor-col-50 elementor-top-column elementor-element elementor-element-1091e62 elementor-invisible\" data-id=\"1091e62\" data-element_type=\"column\" data-settings=\"{&quot;animation&quot;:&quot;fadeInRight&quot;}\">\n\t\t\t<div class=\"elementor-widget-wrap elementor-element-populated\">\n\t\t\t\t\t\t\t\t<section class=\"elementor-section elementor-inner-section elementor-element elementor-element-30876cf elementor-section-boxed elementor-section-height-default elementor-section-height-default default-style\" data-id=\"30876cf\" data-element_type=\"section\" data-settings=\"{&quot;rt_color_sets&quot;:&quot;default-style&quot;}\">\n\t\t\t\t\t\t<div class=\"elementor-container elementor-column-gap-default\">\n\t\t\t\t\t<div class=\"elementor-column elementor-col-100 elementor-inner-column elementor-element elementor-element-5be47ef\" data-id=\"5be47ef\" data-element_type=\"column\">\n\t\t\t<div class=\"elementor-widget-wrap elementor-element-populated\">\n\t\t\t\t\t\t\t\t<div class=\"elementor-element elementor-element-b00021b elementor-widget elementor-widget-rt-heading\" data-id=\"b00021b\" data-element_type=\"widget\" data-widget_type=\"rt-heading.default\">\n\t\t\t\t<div class=\"elementor-widget-container\">\n\t\t\t<div class=\"rt-heading-wrapper style-3 text-tablet-left text-mobile-left\">\n\t\t\t\t\t\t<H4 class=\"   rt-heading style-3\" >Les ateliers d\u00e9partementaux du Gers<\/H4>\n\t\t\t\t\t<\/div>\t\t<\/div>\n\t\t\t\t<\/div>\n\t\t\t\t<div class=\"elementor-element elementor-element-42f36b5 elementor-widget elementor-widget-text-editor\" data-id=\"42f36b5\" data-element_type=\"widget\" data-widget_type=\"text-editor.default\">\n\t\t\t\t<div class=\"elementor-widget-container\">\n\t\t\t\t\t<div class=\"elementor-text-editor elementor-clearfix\"><p>Depuis 10 ans, l&rsquo;AFSEP me fait confiance en me confiant la responsabilit\u00e9 et l&rsquo;animation des \u00ab\u00a0ateliers bien-\u00eatre\u00a0\u00bb dans le Gers. Une fois par mois, nous nous r\u00e9unissons et abordons des th\u00e8mes diff\u00e9rents comme l&rsquo;alimentation, la gestion du stress, la sophrologie, etc&#8230;<\/p><p>Les ateliers d\u00e9partementaux ont lieux \u00e0 <strong>la maison du 3\u00e8me \u00e2ge place du foirail 32120 MAUVEZIN (Gers) de 10h \u00e0 12h :<\/strong><\/p><ul><li>Samedi <strong>21 f\u00e9vrier 2026<\/strong><\/li><li>Samedi <strong>21 mars 2026<\/strong><\/li><li>Samedi <strong>25 avril 2026<\/strong><\/li><li>Samedi<strong> 27 juin de 11h \u00e0 <\/strong><strong>15h<\/strong><\/li><\/ul><p>J&rsquo;interviens \u00e9galement <strong>tous les<\/strong> <strong>lundis matin de 10h \u00e0 12h au niveau national, en visioconf\u00e9rences<\/strong>.<\/p><p>Plus d&rsquo;informations sur les ateliers nationaux\u00a0<\/p><\/div>\n\t\t\t\t<\/div>\n\t\t\t\t<\/div>\n\t\t\t\t<div class=\"elementor-element elementor-element-8bbb0ea elementor-align-center elementor-widget elementor-widget-button\" data-id=\"8bbb0ea\" data-element_type=\"widget\" data-widget_type=\"button.default\">\n\t\t\t\t<div class=\"elementor-widget-container\">\n\t\t\t\t\t<div class=\"elementor-button-wrapper\">\n\t\t\t<a href=\"http:\/\/www.celiajay.com\/index.php\/ateliers-facteur-sante\/\" class=\"elementor-button-link elementor-button elementor-size-sm\" role=\"button\">\n\t\t\t\t\t\t<span class=\"elementor-button-content-wrapper\">\n\t\t\t\t\t\t<span class=\"elementor-button-text\">Cliquez ici<\/span>\n\t\t<\/span>\n\t\t\t\t\t<\/a>\n\t\t<\/div>\n\t\t\t\t<\/div>\n\t\t\t\t<\/div>\n\t\t\t\t\t<\/div>\n\t\t<\/div>\n\t\t\t\t\t\t\t<\/div>\n\t\t<\/section>\n\t\t\t\t\t<\/div>\n\t\t<\/div>\n\t\t\t\t\t\t\t<\/div>\n\t\t<\/section>\n\t\t\t\t<section class=\"elementor-section elementor-top-section elementor-element elementor-element-f72144d elementor-section-boxed elementor-section-height-default elementor-section-height-default default-style\" data-id=\"f72144d\" data-element_type=\"section\" data-settings=\"{&quot;rt_color_sets&quot;:&quot;default-style&quot;}\">\n\t\t\t\t\t\t<div class=\"elementor-container elementor-column-gap-default\">\n\t\t\t\t\t<div class=\"elementor-column elementor-col-100 elementor-top-column elementor-element elementor-element-ecdc4af\" data-id=\"ecdc4af\" data-element_type=\"column\">\n\t\t\t<div class=\"elementor-widget-wrap elementor-element-populated\">\n\t\t\t\t\t\t\t\t<div class=\"elementor-element elementor-element-7e9a84c elementor-widget elementor-widget-spacer\" data-id=\"7e9a84c\" data-element_type=\"widget\" data-widget_type=\"spacer.default\">\n\t\t\t\t<div class=\"elementor-widget-container\">\n\t\t\t\t\t<div class=\"elementor-spacer\">\n\t\t\t<div class=\"elementor-spacer-inner\"><\/div>\n\t\t<\/div>\n\t\t\t\t<\/div>\n\t\t\t\t<\/div>\n\t\t\t\t\t<\/div>\n\t\t<\/div>\n\t\t\t\t\t\t\t<\/div>\n\t\t<\/section>\n\t\t\t\t<section class=\"elementor-section elementor-top-section elementor-element elementor-element-766b1d7 elementor-section-boxed elementor-section-height-default elementor-section-height-default default-style\" data-id=\"766b1d7\" data-element_type=\"section\" data-settings=\"{&quot;rt_color_sets&quot;:&quot;default-style&quot;}\">\n\t\t\t\t\t\t<div class=\"elementor-container elementor-column-gap-default\">\n\t\t\t\t\t<div class=\"elementor-column elementor-col-100 elementor-top-column elementor-element elementor-element-3657fc1\" data-id=\"3657fc1\" data-element_type=\"column\">\n\t\t\t<div class=\"elementor-widget-wrap elementor-element-populated\">\n\t\t\t\t\t\t\t\t<div class=\"elementor-element elementor-element-b83c3b7 elementor-testimonial--skin-bubble elementor-testimonial--layout-image_inline elementor-testimonial--align-center elementor-arrows-yes elementor-pagination-type-bullets elementor-widget elementor-widget-testimonial-carousel\" data-id=\"b83c3b7\" data-element_type=\"widget\" data-settings=\"{&quot;slides_per_view&quot;:&quot;1&quot;,&quot;space_between&quot;:{&quot;unit&quot;:&quot;px&quot;,&quot;size&quot;:0,&quot;sizes&quot;:[]},&quot;show_arrows&quot;:&quot;yes&quot;,&quot;pagination&quot;:&quot;bullets&quot;,&quot;speed&quot;:500,&quot;autoplay&quot;:&quot;yes&quot;,&quot;autoplay_speed&quot;:5000,&quot;loop&quot;:&quot;yes&quot;,&quot;pause_on_hover&quot;:&quot;yes&quot;,&quot;pause_on_interaction&quot;:&quot;yes&quot;,&quot;space_between_tablet&quot;:{&quot;unit&quot;:&quot;px&quot;,&quot;size&quot;:10,&quot;sizes&quot;:[]},&quot;space_between_mobile&quot;:{&quot;unit&quot;:&quot;px&quot;,&quot;size&quot;:10,&quot;sizes&quot;:[]}}\" data-widget_type=\"testimonial-carousel.default\">\n\t\t\t\t<div class=\"elementor-widget-container\">\n\t\t\t\t\t<div class=\"elementor-swiper\">\n\t\t\t<div class=\"elementor-main-swiper swiper-container\">\n\t\t\t\t<div class=\"swiper-wrapper\">\n\t\t\t\t\t\t\t\t\t\t\t<div class=\"swiper-slide\">\n\t\t\t\t\t\t\t\t\t<div class=\"elementor-testimonial\">\n\t\t\t\t\t\t\t<div class=\"elementor-testimonial__content\">\n\t\t\t\t\t<div class=\"elementor-testimonial__text\">\n\t\t\t\t\t\t\"Ces rendez-vous mensuels sont maintenant devenus incontournables pour moi. On a plaisir \u00e0 se retrouver, l'ambiance est conviviale.\nLes diff\u00e9rents th\u00e8mes trait\u00e9s sont abord\u00e9s tr\u00e8s simplement. J'apprends \u00e0 chaque fois des choses nouvelles, qui am\u00e9liorent souvent mon quotidien. On se retrouve dans les t\u00e9moignages des uns et des autres, c'est r\u00e9confortant, on en ressort plus fort.\"\n\t\t\t\t\t<\/div>\n\t\t\t\t\t\t\t\t\t<\/div>\n\t\t\t\t\t\t<div class=\"elementor-testimonial__footer\">\n\t\t\t\t\t\t\t\t<cite class=\"elementor-testimonial__cite\"><span class=\"elementor-testimonial__name\">Gis\u00e8le Cartier<\/span><\/cite>\t\t\t<\/div>\n\t\t<\/div>\n\t\t\t\t\t\t\t\t<\/div>\n\t\t\t\t\t\t\t\t\t\t\t<div class=\"swiper-slide\">\n\t\t\t\t\t\t\t\t\t<div class=\"elementor-testimonial\">\n\t\t\t\t\t\t\t<div class=\"elementor-testimonial__content\">\n\t\t\t\t\t<div class=\"elementor-testimonial__text\">\n\t\t\t\t\t\t\u00ab L\u2019atelier bien-\u00eatre : un moment pour soi !\nIl m\u2019a permis de mieux ressentir mon corps lors des automassages qui soulagent les tensions.\nC\u2019est aussi une meilleure connaissance des techniques comme l\u2019aromath\u00e9rapie. La bonne utilisation des huiles essentielles apaise nos points douloureux et stimule notre \u00e9nergie.\nLe plus important pour notre pathologie est, me semble-t-il, la nutrition.\nCes cours clairs, pr\u00e9cis et la pratique d\u2019atelier de cuisine nous ont permis d\u2019am\u00e9liorer notre sant\u00e9.\nLa gestion de la douleur avec la coh\u00e9rence cardiaque, la d\u00e9couverte du Reiki, de la sophrologie, de la m\u00e9ditation, nous ouvrent des perspectives. Ces ateliers de bien \u00eatre compl\u00e8tent les traitements m\u00e9dicaux dans la douceur. Ils sont une alternative importante \u00e0 des soins plus rudes.\nUne ambiance conviviale r\u00e8gne pendant les s\u00e9ances anim\u00e9es par une naturopathe bienveillante et comp\u00e9tente. \u00bb\t\t\t\t\t<\/div>\n\t\t\t\t\t\t\t\t\t<\/div>\n\t\t\t\t\t\t<div class=\"elementor-testimonial__footer\">\n\t\t\t\t\t\t\t\t<cite class=\"elementor-testimonial__cite\"><span class=\"elementor-testimonial__name\">Mireille Franceschetti d\u00e9l\u00e9gu\u00e9e d\u00e9partementale AFSEP 32<\/span><\/cite>\t\t\t<\/div>\n\t\t<\/div>\n\t\t\t\t\t\t\t\t<\/div>\n\t\t\t\t\t\t\t\t\t\t\t<div class=\"swiper-slide\">\n\t\t\t\t\t\t\t\t\t<div class=\"elementor-testimonial\">\n\t\t\t\t\t\t\t<div class=\"elementor-testimonial__content\">\n\t\t\t\t\t<div class=\"elementor-testimonial__text\">\n\t\t\t\t\t\t\u00ab Les Ateliers bien-\u00eatre sont tr\u00e8s enrichissants, ils me permettent de \nprendre conscience de nombreux bienfaits pour ma sant\u00e9.\nDes connaissances en m\u00e9decine parall\u00e8le pour mon bien-\u00eatre. \u00bb\t\t\t\t\t<\/div>\n\t\t\t\t\t\t\t\t\t<\/div>\n\t\t\t\t\t\t<div class=\"elementor-testimonial__footer\">\n\t\t\t\t\t\t\t\t<cite class=\"elementor-testimonial__cite\"><span class=\"elementor-testimonial__name\">Martine S\u00e9r\u00e9<\/span><\/cite>\t\t\t<\/div>\n\t\t<\/div>\n\t\t\t\t\t\t\t\t<\/div>\n\t\t\t\t\t\t\t\t\t\t\t<div class=\"swiper-slide\">\n\t\t\t\t\t\t\t\t\t<div class=\"elementor-testimonial\">\n\t\t\t\t\t\t\t<div class=\"elementor-testimonial__content\">\n\t\t\t\t\t<div class=\"elementor-testimonial__text\">\n\t\t\t\t\t\t\u00ab J'ai une SEP depuis 35 ans, ma rencontre avec l'AFSEP Gers remonte \u00e0 1an, les ateliers propos\u00e9s sont tous tr\u00e8s enrichissants,\nl'ateliers culinaire fait partie de mes pr\u00e9f\u00e9r\u00e9s, j\u2019ai ma m\u00e9thode de prise en charge de \"Ma SEP\" l'alimentation comme th\u00e9rapie, pour moi \u00e7a fonctionne plut\u00f4t bien,\nj'ai d\u00e9couvert de nouvelles recettes lors de cet atelier, je m\u2019alimente diff\u00e9remment, je marche environ 20km minimum par semaine,\net l\u00e0 je dis \u00ab ALORS la SEP tu ne fais pas la maline !\u00bb\t\t\t\t\t<\/div>\n\t\t\t\t\t\t\t\t\t<\/div>\n\t\t\t\t\t\t<div class=\"elementor-testimonial__footer\">\n\t\t\t\t\t\t\t\t<cite class=\"elementor-testimonial__cite\"><span class=\"elementor-testimonial__name\">Martine Bonnaud<\/span><\/cite>\t\t\t<\/div>\n\t\t<\/div>\n\t\t\t\t\t\t\t\t<\/div>\n\t\t\t\t\t\t\t\t\t<\/div>\n\t\t\t\t\t\t\t\t\t\t\t\t\t\t\t<div class=\"swiper-pagination\"><\/div>\n\t\t\t\t\t\t\t\t\t\t\t\t\t\t\t\t<div class=\"elementor-swiper-button elementor-swiper-button-prev\">\n\t\t\t\t\t\t\t<i class=\"eicon-chevron-left\" aria-hidden=\"true\"><\/i>\n\t\t\t\t\t\t\t<span class=\"elementor-screen-only\">Previous<\/span>\n\t\t\t\t\t\t<\/div>\n\t\t\t\t\t\t<div class=\"elementor-swiper-button elementor-swiper-button-next\">\n\t\t\t\t\t\t\t<i class=\"eicon-chevron-right\" aria-hidden=\"true\"><\/i>\n\t\t\t\t\t\t\t<span class=\"elementor-screen-only\">Next<\/span>\n\t\t\t\t\t\t<\/div>\n\t\t\t\t\t\t\t\t\t\t\t\t<\/div>\n\t\t<\/div>\n\t\t\t\t<\/div>\n\t\t\t\t<\/div>\n\t\t\t\t\t<\/div>\n\t\t<\/div>\n\t\t\t\t\t\t\t<\/div>\n\t\t<\/section>\n\t\t\t\t\t\t<\/div>\n\t\t\t\t\t<\/div>\n\t\t","protected":false},"excerpt":{"rendered":"<p>L&rsquo;AFSEP Cr\u00e9\u00e9e en 1962 et reconnue d\u2019utilit\u00e9 publique depuis 1967, l\u2019AFSEP &#8211; l\u2019Association Fran\u00e7aise des Scl\u00e9ros\u00e9s en Plaques \u2013 Association Nationale de patients &#8211; agr\u00e9\u00e9 par le Minist\u00e8re de la Sant\u00e9 &#8211; f\u00e9d\u00e8re des personnes atteintes de scl\u00e9rose en plaques, leurs proches et tous sympathisants sensibles \u00e0 la cause qu\u2019elle d\u00e9fend.La Scl\u00e9rose En Plaques touche, [&hellip;]<\/p>\n","protected":false},"author":1,"featured_media":0,"parent":0,"menu_order":0,"comment_status":"closed","ping_status":"closed","template":"","meta":[],"_links":{"self":[{"href":"https:\/\/www.celiajay.com\/index.php\/wp-json\/wp\/v2\/pages\/2241"}],"collection":[{"href":"https:\/\/www.celiajay.com\/index.php\/wp-json\/wp\/v2\/pages"}],"about":[{"href":"https:\/\/www.celiajay.com\/index.php\/wp-json\/wp\/v2\/types\/page"}],"author":[{"embeddable":true,"href":"https:\/\/www.celiajay.com\/index.php\/wp-json\/wp\/v2\/users\/1"}],"replies":[{"embeddable":true,"href":"https:\/\/www.celiajay.com\/index.php\/wp-json\/wp\/v2\/comments?post=2241"}],"version-history":[{"count":259,"href":"https:\/\/www.celiajay.com\/index.php\/wp-json\/wp\/v2\/pages\/2241\/revisions"}],"predecessor-version":[{"id":5283,"href":"https:\/\/www.celiajay.com\/index.php\/wp-json\/wp\/v2\/pages\/2241\/revisions\/5283"}],"wp:attachment":[{"href":"https:\/\/www.celiajay.com\/index.php\/wp-json\/wp\/v2\/media?parent=2241"}],"curies":[{"name":"wp","href":"https:\/\/api.w.org\/{rel}","templated":true}]}}